{"id":3773,"date":"2025-03-12T19:55:36","date_gmt":"2025-03-12T18:55:36","guid":{"rendered":"https:\/\/karin-rehnqvist.se\/eng\/?page_id=3773"},"modified":"2025-03-12T19:55:36","modified_gmt":"2025-03-12T18:55:36","slug":"universe","status":"publish","type":"page","link":"https:\/\/karin-rehnqvist.se\/eng\/universe\/","title":{"rendered":"Universe"},"content":{"rendered":"<p class=\"western\"><span style=\"font-size: large;\"><span lang=\"en-US\"><b>Universe, for mixed choir<\/b><\/span><\/span><\/p>\n<p class=\"western\"><span style=\"font-size: large;\"><span lang=\"en-US\">A short piece on a huge theme<\/span><\/span><\/p>\n<p class=\"western\"><span style=\"font-size: large;\"><span lang=\"en-US\">Text and music by Karin Rehnqvist (2022)<\/span><\/span><\/p>\n<p class=\"western\"><span style=\"font-size: large;\"><span lang=\"en-US\">Duration 2 min<\/span><\/span><\/p>\n<p class=\"western\"><span style=\"font-size: large;\"><span lang=\"en-US\">Carus Verlag<\/span><\/span><\/p>\n<p class=\"western\"><span style=\"font-size: large;\"><span lang=\"en-US\"><b>Text:<\/b><\/span><\/span><\/p>\n<p class=\"western\"><span style=\"font-size: large;\"><span lang=\"en-US\">Universe<\/span><\/span><\/p>\n<p class=\"western\"><span style=\"font-size: large;\"><span lang=\"en-US\">Two hundred billion trillion stars<\/span><\/span><\/p>\n<p class=\"western\"><span style=\"font-size: large;\"><span lang=\"en-US\">My mind reels, <\/span><\/span><span style=\"color: #000000;\"><span style=\"font-family: Calibri, serif;\"><span style=\"font-size: large;\"><span lang=\"en-US\">my head swims<\/span><\/span><\/span><\/span><span style=\"font-size: large;\"><span lang=\"en-US\">, I feel dizzy.<\/span><\/span><\/p>\n<p class=\"western\"><span style=\"font-size: large;\"><span lang=\"en-US\">Two thousand billion galaxies &#8211; <\/span><\/span><\/p>\n<p class=\"western\"><span style=\"font-size: large;\"><span lang=\"en-US\">Two trillion galaxies!<\/span><\/span><\/p>\n<p class=\"western\"><span style=\"color: #000000;\"><span style=\"font-size: large;\"><span lang=\"en-US\">Meteoroids,<\/span><\/span><\/span> <span style=\"color: #000000;\"><span style=\"font-size: large;\"><span lang=\"en-US\">asteroids,<\/span><\/span><\/span> <span style=\"color: #000000;\"><span style=\"font-size: large;\"><span lang=\"en-US\">comets,<\/span><\/span><\/span> <span style=\"color: #000000;\"><span style=\"font-size: large;\"><span lang=\"en-US\">planets,<\/span><\/span><\/span> <span style=\"color: #000000;\"><span style=\"font-size: large;\"><span lang=\"en-US\">nebulae<\/span><\/span><\/span><\/p>\n<p class=\"western\"><span style=\"font-size: large;\"><span lang=\"en-US\">My mind reels, <\/span><\/span><span style=\"color: #000000;\"><span style=\"font-family: Calibri, serif;\"><span style=\"font-size: large;\"><span lang=\"en-US\">my head swims<\/span><\/span><\/span><\/span><span style=\"font-size: large;\"><span lang=\"en-US\">, I feel dizzy!<\/span><\/span><\/p>\n<p class=\"western\">&nbsp;<\/p>\n<p class=\"western\"><span style=\"font-size: large;\"><span lang=\"en-US\">Karin Rehnqvist<\/span><\/span><\/p>\n","protected":false},"excerpt":{"rendered":"<p>Universe, for mixed choir A short piece on a huge theme Text and music by Karin Rehnqvist (2022) Duration 2 min Carus Verlag <\/p>\n","protected":false},"author":2,"featured_media":2254,"parent":0,"menu_order":0,"comment_status":"closed","ping_status":"closed","template":"","meta":{"ngg_post_thumbnail":0,"jetpack_post_was_ever_published":false,"footnotes":""},"class_list":["post-3773","page","type-page","status-publish","has-post-thumbnail","hentry"],"jetpack_sharing_enabled":true,"jetpack_shortlink":"https:\/\/wp.me\/P79arM-YR","jetpack-related-posts":[{"id":2806,"url":"https:\/\/karin-rehnqvist.se\/eng\/autumn-2023\/","url_meta":{"origin":3773,"position":0},"title":"Autumn 2023","author":"admin2","date":"November 17, 2023","format":false,"excerpt":"10 September 2023The RiddleMalva Quartet Ny Musik I S\u00f6rmland, Dr\u00f6mfabriken, Stallarholmen, Sweden, 4 pm 13 September 2023Course\/seminar for young composers: Landesakademie Ochsenhausen, Germany, September 9\u201314.Universe \u2013 premiere 1\u00a0Orpheus Vokalensemble. Cond. MIchael AlberOchsenhausen, Baden-W\u00fcrttemberg 28 September 2023S\u00e5 g\u00e5r en dag ur Sols\u00e5ngen\/ Sun Song,\u00a0Ljusf\u00e4lten\/ Fields of lightG\u00f6teborg Wind Orchestra, Lena Willemark.\u2026","rel":"","context":"Similar post","block_context":{"text":"Similar post","link":""},"img":{"alt_text":"","src":"https:\/\/i0.wp.com\/karin-rehnqvist.se\/eng\/wp-content\/uploads\/2023\/11\/host_soluppgang.jpg?fit=1200%2C634&ssl=1&resize=350%2C200","width":350,"height":200,"srcset":"https:\/\/i0.wp.com\/karin-rehnqvist.se\/eng\/wp-content\/uploads\/2023\/11\/host_soluppgang.jpg?fit=1200%2C634&ssl=1&resize=350%2C200 1x, https:\/\/i0.wp.com\/karin-rehnqvist.se\/eng\/wp-content\/uploads\/2023\/11\/host_soluppgang.jpg?fit=1200%2C634&ssl=1&resize=525%2C300 1.5x, https:\/\/i0.wp.com\/karin-rehnqvist.se\/eng\/wp-content\/uploads\/2023\/11\/host_soluppgang.jpg?fit=1200%2C634&ssl=1&resize=700%2C400 2x, https:\/\/i0.wp.com\/karin-rehnqvist.se\/eng\/wp-content\/uploads\/2023\/11\/host_soluppgang.jpg?fit=1200%2C634&ssl=1&resize=1050%2C600 3x"},"classes":[]},{"id":3669,"url":"https:\/\/karin-rehnqvist.se\/eng\/my-dreamsong-min-dromsang-2024\/","url_meta":{"origin":3773,"position":1},"title":"MY DREAMSONG (Min dr\u00f6ms\u00e5ng) (2024)","author":"Johan N\u00e4slund","date":"January 29, 2025","format":false,"excerpt":"MY DREAMSONG (Min dr\u00f6ms\u00e5ng) (2024)for children\u2019s choir, C or Bb-instrument and piano. 3'Text: Karin Rehnqvist. English translation by Anna H\u00f6gberg, Sally Beamish, Peter Thompson and Glenn MossopMusic: Karin and the children in Kvinten Choir from Nacka Music SchoolDuration 3 minMy Dreamsong was written for the Singing Children\u2019s Project:New Music for\u2026","rel":"","context":"Similar post","block_context":{"text":"Similar post","link":""},"img":{"alt_text":"","src":"https:\/\/i0.wp.com\/karin-rehnqvist.se\/eng\/wp-content\/uploads\/2021\/09\/programme-note_cirkel_2A.png?fit=576%2C358&ssl=1&resize=350%2C200","width":350,"height":200,"srcset":"https:\/\/i0.wp.com\/karin-rehnqvist.se\/eng\/wp-content\/uploads\/2021\/09\/programme-note_cirkel_2A.png?fit=576%2C358&ssl=1&resize=350%2C200 1x, https:\/\/i0.wp.com\/karin-rehnqvist.se\/eng\/wp-content\/uploads\/2021\/09\/programme-note_cirkel_2A.png?fit=576%2C358&ssl=1&resize=525%2C300 1.5x"},"classes":[]},{"id":3962,"url":"https:\/\/karin-rehnqvist.se\/eng\/programme-notes\/when-i-close-my-eyes-i-dream-of-peace-short-version\/","url_meta":{"origin":3773,"position":2},"title":"WHEN I CLOSE MY EYES, I DREAM OF PEACE (short version)","author":"Johan N\u00e4slund","date":"August 17, 2025","format":false,"excerpt":"When I close my eyes, I dream of peace (short version) In twelve tongues for mixed choir in many languages duration 6 min The lyrics in this piece is just one sentence long, said by an eleven year old Croatian boy during the Yugoslav Wars: When I close my eyes,\u2026","rel":"","context":"Similar post","block_context":{"text":"Similar post","link":""},"img":{"alt_text":"","src":"https:\/\/i0.wp.com\/karin-rehnqvist.se\/eng\/wp-content\/uploads\/2021\/09\/programme-note_cirkel_4A-400x249.png?resize=350%2C200&ssl=1","width":350,"height":200},"classes":[]},{"id":3952,"url":"https:\/\/karin-rehnqvist.se\/eng\/programme-notes\/when-i-close-my-eyes-i-dream-of-peace\/","url_meta":{"origin":3773,"position":3},"title":"WHEN I CLOSE MY EYES, I DREAM OF PEACE","author":"Johan N\u00e4slund","date":"August 17, 2025","format":false,"excerpt":"When I close my eyes, I dream of peace for mixed choir in many languages Duration 10 min Part 1 \u2013 4 min Part 2 \u2013 6 min The lyrics in this piece is just one sentence long, said by an eleven year old Croatian boy during the Yugoslav Wars:\u2026","rel":"","context":"Similar post","block_context":{"text":"Similar post","link":""},"img":{"alt_text":"","src":"https:\/\/i0.wp.com\/karin-rehnqvist.se\/eng\/wp-content\/uploads\/2021\/09\/programme-note_cirkel_4A-400x249.png?resize=350%2C200&ssl=1","width":350,"height":200},"classes":[]},{"id":1354,"url":"https:\/\/karin-rehnqvist.se\/eng\/spring-2017\/","url_meta":{"origin":3773,"position":4},"title":"Spring 2017","author":"admin2","date":"December 8, 2016","format":false,"excerpt":"21 January\u00a02017 Nio n\u00e4tter\/ Nine nights\u00a0\u2013\u00a0Premiere Text: Ger\u2202ur Kristn\u00fd Lena Willemark, ensemble recherche Festival Ultraschall, Berlin More on the festival's web page \u203a 26 January\u00a02017 Inauguration of the the new campus of Royal College of Music, Stockholm H\u00e4r \u00e4r musiken!\/ Here's the music! \u00a0\u2013 a\u00a0happening from\u00a0the\u00a0foyer to the\u00a0concert hall\u00a0\u2013 Premiere\u2026","rel":"","context":"Similar post","block_context":{"text":"Similar post","link":""},"img":{"alt_text":"","src":"https:\/\/i0.wp.com\/karin-rehnqvist.se\/eng\/wp-content\/uploads\/2016\/12\/noterpappersbakgr1.jpg?fit=1200%2C617&ssl=1&resize=350%2C200","width":350,"height":200,"srcset":"https:\/\/i0.wp.com\/karin-rehnqvist.se\/eng\/wp-content\/uploads\/2016\/12\/noterpappersbakgr1.jpg?fit=1200%2C617&ssl=1&resize=350%2C200 1x, https:\/\/i0.wp.com\/karin-rehnqvist.se\/eng\/wp-content\/uploads\/2016\/12\/noterpappersbakgr1.jpg?fit=1200%2C617&ssl=1&resize=525%2C300 1.5x, https:\/\/i0.wp.com\/karin-rehnqvist.se\/eng\/wp-content\/uploads\/2016\/12\/noterpappersbakgr1.jpg?fit=1200%2C617&ssl=1&resize=700%2C400 2x, https:\/\/i0.wp.com\/karin-rehnqvist.se\/eng\/wp-content\/uploads\/2016\/12\/noterpappersbakgr1.jpg?fit=1200%2C617&ssl=1&resize=1050%2C600 3x"},"classes":[]}],"_links":{"self":[{"href":"https:\/\/karin-rehnqvist.se\/eng\/wp-json\/wp\/v2\/pages\/3773","targetHints":{"allow":["GET"]}}],"collection":[{"href":"https:\/\/karin-rehnqvist.se\/eng\/wp-json\/wp\/v2\/pages"}],"about":[{"href":"https:\/\/karin-rehnqvist.se\/eng\/wp-json\/wp\/v2\/types\/page"}],"author":[{"embeddable":true,"href":"https:\/\/karin-rehnqvist.se\/eng\/wp-json\/wp\/v2\/users\/2"}],"replies":[{"embeddable":true,"href":"https:\/\/karin-rehnqvist.se\/eng\/wp-json\/wp\/v2\/comments?post=3773"}],"version-history":[{"count":2,"href":"https:\/\/karin-rehnqvist.se\/eng\/wp-json\/wp\/v2\/pages\/3773\/revisions"}],"predecessor-version":[{"id":3776,"href":"https:\/\/karin-rehnqvist.se\/eng\/wp-json\/wp\/v2\/pages\/3773\/revisions\/3776"}],"wp:featuredmedia":[{"embeddable":true,"href":"https:\/\/karin-rehnqvist.se\/eng\/wp-json\/wp\/v2\/media\/2254"}],"wp:attachment":[{"href":"https:\/\/karin-rehnqvist.se\/eng\/wp-json\/wp\/v2\/media?parent=3773"}],"curies":[{"name":"wp","href":"https:\/\/api.w.org\/{rel}","templated":true}]}}

10 September 2023The RiddleMalva Quartet Ny Musik I Sörmland, Drömfabriken, Stallarholmen, Sweden, 4 pm 13 September 2023Course/seminar for young composers: Landesakademie Ochsenhausen, Germany, September 9–14.Universe – premiere 1 Orpheus Vokalensemble. Cond. MIchael AlberOchsenhausen, Baden-Württemberg 28 September 2023Så går en dag ur Solsången/ Sun Song, Ljusfälten/ Fields of lightGöteborg Wind Orchestra, Lena Willemark.…

MY DREAMSONG (Min drömsång) (2024)

Johan Näslund

MY DREAMSONG (Min drömsång) (2024)for children’s choir, C or Bb-instrument and piano. 3'Text: Karin Rehnqvist. English translation by Anna Högberg, Sally Beamish, Peter Thompson and Glenn MossopMusic: Karin and the children in Kvinten Choir from Nacka Music SchoolDuration 3 minMy Dreamsong was written for the Singing Children’s Project:New Music for…

21 January 2017 Nio nätter/ Nine nights – Premiere Text: Ger∂ur Kristný Lena Willemark, ensemble recherche Festival Ultraschall, Berlin More on the festival's web page › 26 January 2017 Inauguration of the the new campus of Royal College of Music, Stockholm Här är musiken!/ Here's the music!  – a happening from the foyer to the concert hall – Premiere…
