{"id":3475,"date":"2024-09-23T20:00:49","date_gmt":"2024-09-23T19:00:49","guid":{"rendered":"https:\/\/karin-rehnqvist.se\/eng\/photos-2\/"},"modified":"2024-09-23T20:06:32","modified_gmt":"2024-09-23T19:06:32","slug":"photos-2","status":"publish","type":"page","link":"https:\/\/karin-rehnqvist.se\/eng\/photos-2\/","title":{"rendered":"Photos"},"content":{"rendered":"\n<h2 class=\"wp-block-heading\">Hig-resolution photos<\/h2>\n\n\n\nngg_shortcode_0_placeholder\n","protected":false},"excerpt":{"rendered":"<p>Hig-resolution photos<\/p>\n","protected":false},"author":1,"featured_media":3480,"parent":0,"menu_order":0,"comment_status":"closed","ping_status":"closed","template":"","meta":{"ngg_post_thumbnail":7,"jetpack_post_was_ever_published":false,"footnotes":""},"class_list":["post-3475","page","type-page","status-publish","has-post-thumbnail","hentry"],"jetpack_sharing_enabled":true,"jetpack_shortlink":"https:\/\/wp.me\/P79arM-U3","jetpack-related-posts":[{"id":3472,"url":"https:\/\/karin-rehnqvist.se\/eng\/high-resolution-photos-2\/","url_meta":{"origin":3475,"position":0},"title":"High resolution photos","author":"admin2","date":"September 23, 2024","format":false,"excerpt":"","rel":"","context":"Similar post","block_context":{"text":"Similar post","link":""},"img":{"alt_text":"","src":"","width":0,"height":0},"classes":[]},{"id":3471,"url":"https:\/\/karin-rehnqvist.se\/eng\/high-resolution-photos\/","url_meta":{"origin":3475,"position":1},"title":"High resolution photos","author":"admin2","date":"September 23, 2024","format":false,"excerpt":"","rel":"","context":"Similar post","block_context":{"text":"Similar post","link":""},"img":{"alt_text":"","src":"","width":0,"height":0},"classes":[]},{"id":992,"url":"https:\/\/karin-rehnqvist.se\/eng\/all-works-a-z\/","url_meta":{"origin":3475,"position":2},"title":"All compositions, A-W","author":"admin2","date":"January 23, 2016","format":false,"excerpt":"Programme notes \u203a ALFRED (1995) filmen om Alfred Nobel, regi Vilgot Sj\u00f6man ALL THOSE STRINGS! (2013) for string quartet and kantele 1. Night Strings 2. Cross Strings 3. Thin String \u2013 Little Song 4. Joy Strings ANDRUM (1992) f\u00f6r tv\u00e5 s\u00e5ngerskor, tv\u00e5 slagverkare och en trombonist. 17\u2032. ANROP \u2013 INROP\u2026","rel":"","context":"Similar post","block_context":{"text":"Similar post","link":""},"img":{"alt_text":"","src":"https:\/\/i0.wp.com\/karin-rehnqvist.se\/eng\/wp-content\/uploads\/2016\/01\/kr-noter_lamento.jpg?fit=1200%2C695&ssl=1&resize=350%2C200","width":350,"height":200,"srcset":"https:\/\/i0.wp.com\/karin-rehnqvist.se\/eng\/wp-content\/uploads\/2016\/01\/kr-noter_lamento.jpg?fit=1200%2C695&ssl=1&resize=350%2C200 1x, https:\/\/i0.wp.com\/karin-rehnqvist.se\/eng\/wp-content\/uploads\/2016\/01\/kr-noter_lamento.jpg?fit=1200%2C695&ssl=1&resize=525%2C300 1.5x, https:\/\/i0.wp.com\/karin-rehnqvist.se\/eng\/wp-content\/uploads\/2016\/01\/kr-noter_lamento.jpg?fit=1200%2C695&ssl=1&resize=700%2C400 2x, https:\/\/i0.wp.com\/karin-rehnqvist.se\/eng\/wp-content\/uploads\/2016\/01\/kr-noter_lamento.jpg?fit=1200%2C695&ssl=1&resize=1050%2C600 3x"},"classes":[]},{"id":1610,"url":"https:\/\/karin-rehnqvist.se\/eng\/privacy-policy\/","url_meta":{"origin":3475,"position":3},"title":"Privacy Policy","author":"admin2","date":"May 30, 2018","format":false,"excerpt":"\u00a0 The website address for KARIN REHNQVIST | Composer \u2013 http:\/\/karin-rehnqvist.se\/eng. \u00a0 Comments When visitors leave comments on the site we collect the data shown in the comments form, and also the visitor\u2019s IP address and browser user agent string to help spam detection. An anonymized string created from your\u2026","rel":"","context":"Similar post","block_context":{"text":"Similar post","link":""},"img":{"alt_text":"","src":"https:\/\/i0.wp.com\/karin-rehnqvist.se\/eng\/wp-content\/uploads\/2025\/01\/privacy-policy_2.jpg?fit=1200%2C777&ssl=1&resize=350%2C200","width":350,"height":200,"srcset":"https:\/\/i0.wp.com\/karin-rehnqvist.se\/eng\/wp-content\/uploads\/2025\/01\/privacy-policy_2.jpg?fit=1200%2C777&ssl=1&resize=350%2C200 1x, https:\/\/i0.wp.com\/karin-rehnqvist.se\/eng\/wp-content\/uploads\/2025\/01\/privacy-policy_2.jpg?fit=1200%2C777&ssl=1&resize=525%2C300 1.5x, https:\/\/i0.wp.com\/karin-rehnqvist.se\/eng\/wp-content\/uploads\/2025\/01\/privacy-policy_2.jpg?fit=1200%2C777&ssl=1&resize=700%2C400 2x, https:\/\/i0.wp.com\/karin-rehnqvist.se\/eng\/wp-content\/uploads\/2025\/01\/privacy-policy_2.jpg?fit=1200%2C777&ssl=1&resize=1050%2C600 3x"},"classes":[]},{"id":3952,"url":"https:\/\/karin-rehnqvist.se\/eng\/programme-notes\/when-i-close-my-eyes-i-dream-of-peace\/","url_meta":{"origin":3475,"position":4},"title":"WHEN I CLOSE MY EYES, I DREAM OF PEACE","author":"Johan N\u00e4slund","date":"August 17, 2025","format":false,"excerpt":"When I close my eyes, I dream of peace for mixed choir in many languages Duration 10 min Part 1 \u2013 4 min Part 2 \u2013 6 min The lyrics in this piece is just one sentence long, said by an eleven year old Croatian boy during the Yugoslav Wars:\u2026","rel":"","context":"Similar post","block_context":{"text":"Similar post","link":""},"img":{"alt_text":"","src":"https:\/\/i0.wp.com\/karin-rehnqvist.se\/eng\/wp-content\/uploads\/2021\/09\/programme-note_cirkel_4A-400x249.png?resize=350%2C200&ssl=1","width":350,"height":200},"classes":[]},{"id":1354,"url":"https:\/\/karin-rehnqvist.se\/eng\/spring-2017\/","url_meta":{"origin":3475,"position":5},"title":"Spring 2017","author":"admin2","date":"December 8, 2016","format":false,"excerpt":"21 January\u00a02017 Nio n\u00e4tter\/ Nine nights\u00a0\u2013\u00a0Premiere Text: Ger\u2202ur Kristn\u00fd Lena Willemark, ensemble recherche Festival Ultraschall, Berlin More on the festival's web page \u203a 26 January\u00a02017 Inauguration of the the new campus of Royal College of Music, Stockholm H\u00e4r \u00e4r musiken!\/ Here's the music! \u00a0\u2013 a\u00a0happening from\u00a0the\u00a0foyer to the\u00a0concert hall\u00a0\u2013 Premiere\u2026","rel":"","context":"Similar post","block_context":{"text":"Similar post","link":""},"img":{"alt_text":"","src":"https:\/\/i0.wp.com\/karin-rehnqvist.se\/eng\/wp-content\/uploads\/2016\/12\/noterpappersbakgr1.jpg?fit=1200%2C617&ssl=1&resize=350%2C200","width":350,"height":200,"srcset":"https:\/\/i0.wp.com\/karin-rehnqvist.se\/eng\/wp-content\/uploads\/2016\/12\/noterpappersbakgr1.jpg?fit=1200%2C617&ssl=1&resize=350%2C200 1x, https:\/\/i0.wp.com\/karin-rehnqvist.se\/eng\/wp-content\/uploads\/2016\/12\/noterpappersbakgr1.jpg?fit=1200%2C617&ssl=1&resize=525%2C300 1.5x, https:\/\/i0.wp.com\/karin-rehnqvist.se\/eng\/wp-content\/uploads\/2016\/12\/noterpappersbakgr1.jpg?fit=1200%2C617&ssl=1&resize=700%2C400 2x, https:\/\/i0.wp.com\/karin-rehnqvist.se\/eng\/wp-content\/uploads\/2016\/12\/noterpappersbakgr1.jpg?fit=1200%2C617&ssl=1&resize=1050%2C600 3x"},"classes":[]}],"_links":{"self":[{"href":"https:\/\/karin-rehnqvist.se\/eng\/wp-json\/wp\/v2\/pages\/3475","targetHints":{"allow":["GET"]}}],"collection":[{"href":"https:\/\/karin-rehnqvist.se\/eng\/wp-json\/wp\/v2\/pages"}],"about":[{"href":"https:\/\/karin-rehnqvist.se\/eng\/wp-json\/wp\/v2\/types\/page"}],"author":[{"embeddable":true,"href":"https:\/\/karin-rehnqvist.se\/eng\/wp-json\/wp\/v2\/users\/1"}],"replies":[{"embeddable":true,"href":"https:\/\/karin-rehnqvist.se\/eng\/wp-json\/wp\/v2\/comments?post=3475"}],"version-history":[{"count":3,"href":"https:\/\/karin-rehnqvist.se\/eng\/wp-json\/wp\/v2\/pages\/3475\/revisions"}],"predecessor-version":[{"id":3481,"href":"https:\/\/karin-rehnqvist.se\/eng\/wp-json\/wp\/v2\/pages\/3475\/revisions\/3481"}],"wp:featuredmedia":[{"embeddable":true,"href":"https:\/\/karin-rehnqvist.se\/eng\/wp-json\/wp\/v2\/media\/3480"}],"wp:attachment":[{"href":"https:\/\/karin-rehnqvist.se\/eng\/wp-json\/wp\/v2\/media?parent=3475"}],"curies":[{"name":"wp","href":"https:\/\/api.w.org\/{rel}","templated":true}]}}

Programme notes › ALFRED (1995) filmen om Alfred Nobel, regi Vilgot Sjöman ALL THOSE STRINGS! (2013) for string quartet and kantele 1. Night Strings 2. Cross Strings 3. Thin String – Little Song 4. Joy Strings ANDRUM (1992) för två sångerskor, två slagverkare och en trombonist. 17′. ANROP – INROP…

Johan Näslund

21 January 2017 Nio nätter/ Nine nights – Premiere Text: Ger∂ur Kristný Lena Willemark, ensemble recherche Festival Ultraschall, Berlin More on the festival's web page › 26 January 2017 Inauguration of the the new campus of Royal College of Music, Stockholm Här är musiken!/ Here's the music!  – a happening from the foyer to the concert hall – Premiere…
