{"id":2806,"date":"2023-11-17T13:44:11","date_gmt":"2023-11-17T12:44:11","guid":{"rendered":"https:\/\/karin-rehnqvist.se\/eng\/?page_id=2806"},"modified":"2023-11-17T16:33:07","modified_gmt":"2023-11-17T15:33:07","slug":"autumn-2023","status":"publish","type":"page","link":"https:\/\/karin-rehnqvist.se\/eng\/autumn-2023\/","title":{"rendered":"Autumn 2023"},"content":{"rendered":"\n<p><strong>10 September 2023<\/strong><br>The Riddle<br>Malva Quartet <br>Ny Musik I S\u00f6rmland, Dr\u00f6mfabriken, Stallarholmen, Sweden, 4 pm <\/p>\n\n\n\n<hr class=\"wp-block-separator has-text-color has-vivid-red-color has-alpha-channel-opacity has-vivid-red-background-color has-background\"\/>\n\n\n\n<p><strong>13 <strong>September<\/strong> 2023<\/strong><br>Course\/seminar for young composers: Landesakademie Ochsenhausen, Germany, September 9\u201314.<br>Universe \u2013 <em>premiere 1&nbsp;<\/em><br>Orpheus Vokalensemble. Cond. MIchael Alber<br>Ochsenhausen, Baden-W\u00fcrttemberg<\/p>\n\n\n\n<hr class=\"wp-block-separator has-text-color has-vivid-red-color has-alpha-channel-opacity has-vivid-red-background-color has-background\"\/>\n\n\n\n<p><strong>28 <strong>September<\/strong> 2023<\/strong><br>S\u00e5 g\u00e5r en dag ur Sols\u00e5ngen\/ Sun Song,&nbsp;Ljusf\u00e4lten\/ Fields of light<br>G\u00f6teborg Wind Orchestra, Lena Willemark. Cond. Jonas Nydesj\u00f6<br>Smyrnakyrkan, G\u00f6teborg, Sweden <\/p>\n\n\n\n<p><strong>29 <strong>September<\/strong> 2023<\/strong><br>S\u00e5 g\u00e5r en dag ur Sols\u00e5ngen\/ Sun Song,&nbsp;Ljusf\u00e4lten\/ Fields of light <br>G\u00f6teborg Wind Orchestra, Lena Willemark. Cond. Jonas Nydesj\u00f6<br>Falk\u00f6pings Stadsteater, Sweden<\/p>\n\n\n\n<hr class=\"wp-block-separator has-text-color has-vivid-red-color has-alpha-channel-opacity has-vivid-red-background-color has-background\"\/>\n\n\n\n<p><strong>15 October 2023<\/strong><br>The Riddle <br>Animato Quartet<br>Gewandhaus, Leipzig, Germany <\/p>\n\n\n\n<hr class=\"wp-block-separator has-text-color has-vivid-red-color has-alpha-channel-opacity has-vivid-red-background-color has-background\"\/>\n\n\n\n<p><strong>22 <strong>October<\/strong> 2023<\/strong><br>Till \u00c4ngeln med de brinnande h\u00e4nderna\/ To the Angel with the fiery hands \u2013 <em>Norwegian premiere <\/em><br>Schola Cantorum,&nbsp;Juan Sebastian Velasco, oboe, Adrian Lara, contratenor.&nbsp;Cond. Tone Bianca Dahl<br>University hall, Oslo, Norway<\/p>\n\n\n\n<hr class=\"wp-block-separator has-text-color has-vivid-red-color has-alpha-channel-opacity has-vivid-red-background-color has-background\"\/>\n\n\n\n<p><strong>29 <strong>October<\/strong> 2023<\/strong><br>Wiegenlieder im All<br>Adolf Fredriks kyrkas Kammark\u00f6r. Cond. Christoffer Holgersson<br>Adolf Fredrik&#8217;s church, Stockholm, Sweden, 5 pm <\/p>\n\n\n\n<hr class=\"wp-block-separator has-text-color has-vivid-red-color has-alpha-channel-opacity has-vivid-red-background-color has-background\"\/>\n\n\n\n<p><strong>2 November 2023<\/strong><br>Silent Earth  <br>Helsingborg Concert Choir, Helsingborg Symphony Orchestra. Cond. Peter Szilvay<br>Helsingborg Concert hall, Sweden, 7 pm<\/p>\n\n\n\n<hr class=\"wp-block-separator has-text-color has-vivid-red-color has-alpha-channel-opacity has-vivid-red-background-color has-background\"\/>\n\n\n\n<p><strong>9 <strong>November<\/strong> 2023<\/strong><br>Arktis Arktis! First and second movt: Breaking the ice and Between sky and sea <br>Nordic Chamber Orchestra. Cond. Sofia Winiarski<br>Tonhallen, Sundsvall. Sweden<\/p>\n\n\n\n<p><strong>10 <strong>November<\/strong> 2023<\/strong><br>Arktis Arktis! First and second movt: Breaking the ice and Between sky and sea<br>Nordic Chamber Orchestra. Cond. Sofia Winiarski<br>Norrlandsoperan, Ume\u00e5, Sweden<\/p>\n\n\n\n<p><strong>11 <strong>November<\/strong> 2023<\/strong><br>Arktis Arktis! First and second movt: Breaking the ice and Between sky and sea<br>Nordic Chamber Orchestra Cond. Sofia Winiarski<br>Studio Acusticum, Pite\u00e5, Sweden<\/p>\n\n\n\n<hr class=\"wp-block-separator has-text-color has-vivid-red-color has-alpha-channel-opacity has-vivid-red-background-color has-background\"\/>\n\n\n\n<p><strong>14 <strong>November<\/strong> 2023<\/strong><br>Composer&#8217;s portrait in the radio programme Lockrufe &amp; Sonnengesang\/ Herding calls and Sun Song<br>Deutschlandfunk Kultur with Egbert Hiller (in German)<br><strong><a href=\"https:\/\/www.deutschlandfunkkultur.de\/lockrufe-und-sonnengesang-karin-rehnqvist-dlf-kultur-03cf4077-100.html\" data-type=\"link\" data-id=\"https:\/\/www.deutschlandfunkkultur.de\/lockrufe-und-sonnengesang-karin-rehnqvist-dlf-kultur-03cf4077-100.html\" target=\"_blank\" rel=\"noreferrer noopener\">Listen<\/a> \u203a <\/strong><br>Duration: 55&#8242;<\/p>\n\n\n\n<hr class=\"wp-block-separator has-text-color has-vivid-red-color has-alpha-channel-opacity has-vivid-red-background-color has-background\"\/>\n\n\n\n<p><strong>24 <strong>November<\/strong> 2023<\/strong><br>Musik i natten\/ Night chant<br>Sonanza. Cond. Jan Risberg <br>Stockholm Concert hall, Sweden, 8.30 pm <\/p>\n\n\n\n<hr class=\"wp-block-separator has-text-color has-vivid-red-color has-alpha-channel-opacity has-vivid-red-background-color has-background\"\/>\n\n\n\n<p><strong>29 <strong>November<\/strong> 2023<\/strong><br>Arktis Arktis!  <br>Orkester Moderna Musica. Cond. Elin Gripstrand<br>Palladium, Malm\u00f6, Sweden, 7 pm <\/p>\n\n\n\n<hr class=\"wp-block-separator has-text-color has-vivid-red-color has-alpha-channel-opacity has-vivid-red-background-color has-background\"\/>\n\n\n\n<p><strong>1 December 2023<\/strong><br>When I close my eyes, I dream of peace<br>Sacred and Profane Chamber Chorus. Cond. Rebecca Seeman<br>St. Mark&#8217;s Episcopal Church, Berkeley, California<\/p>\n\n\n\n<p><strong>2 <strong>December<\/strong> 2023<\/strong><br>When I close my eyes, I dream of peace<br>Sacred and Profane Chamber Chorus. Cond. Rebecca Seeman<br>Church of the Incarnation, Santa Rosa, California<\/p>\n\n\n\n<p><strong>3 <strong>December<\/strong> 2023<\/strong><br>When I close my eyes, I dream of peace<br>Sacred and Profane Chamber Chorus. Cond. Rebecca Seeman<br>St John the Evangelist Episcopal Church, San Francisco, California <\/p>\n\n\n\n<hr class=\"wp-block-separator has-text-color has-vivid-red-color has-alpha-channel-opacity has-vivid-red-background-color has-background\"\/>\n\n\n\n<p><strong>6 <strong>December<\/strong> 2023<\/strong><br>Jag vet, jag duger\/ I\u00a0Know,\u00a0I\u2019m\u00a0Able<br>Nobelk\u00f6ren (Anna Ros\u00e9n&#8217;s Children&#8217;s choir and students from Nacka Musikklasser)<br>Cond. Anna Ros\u00e9n, Bo Wannefors, piano<br>A Prelude to Nobel, Kungasalen, Royal College of Music, Stockholm, Sweden, 7 pm<br><br><\/p>\n","protected":false},"excerpt":{"rendered":"<p>10 September 2023The RiddleMalva Quartet Ny Musik I S\u00f6rmland, Dr\u00f6mfabriken, Stallarholmen, Sweden, 4 pm 13 September 2023Course\/seminar for young composers: Landesakademie Ochsenhausen, Germany, <\/p>\n","protected":false},"author":1,"featured_media":2825,"parent":0,"menu_order":0,"comment_status":"closed","ping_status":"closed","template":"","meta":{"ngg_post_thumbnail":0,"jetpack_post_was_ever_published":false,"footnotes":""},"class_list":["post-2806","page","type-page","status-publish","has-post-thumbnail","hentry"],"jetpack_sharing_enabled":true,"jetpack_shortlink":"https:\/\/wp.me\/P79arM-Jg","jetpack-related-posts":[{"id":1474,"url":"https:\/\/karin-rehnqvist.se\/eng\/autumn-2017\/","url_meta":{"origin":2806,"position":0},"title":"Autumn 2017","author":"admin2","date":"September 16, 2017","format":false,"excerpt":"2 September 2017 The Riddle Kronos Quartet Drama Centre Theatre, Singapore, 9:00 PM Presenter:\u00a0Singapore International Festival of Arts 10 September 2017 S\u00e5 g\u00e5r en dag\/Thus goes a day, for solo voice Runa Hestad Jenssen, soprano 11 September 2017 Sleep now Trio Ek\/ Janson\/ Svensdotter \u2013 Helena Ek. song, Peter Janson,\u2026","rel":"","context":"Similar post","block_context":{"text":"Similar post","link":""},"img":{"alt_text":"","src":"https:\/\/i0.wp.com\/karin-rehnqvist.se\/eng\/wp-content\/uploads\/2017\/09\/KR_bakgrund_orangenoter3.jpg?fit=1200%2C562&ssl=1&resize=350%2C200","width":350,"height":200,"srcset":"https:\/\/i0.wp.com\/karin-rehnqvist.se\/eng\/wp-content\/uploads\/2017\/09\/KR_bakgrund_orangenoter3.jpg?fit=1200%2C562&ssl=1&resize=350%2C200 1x, https:\/\/i0.wp.com\/karin-rehnqvist.se\/eng\/wp-content\/uploads\/2017\/09\/KR_bakgrund_orangenoter3.jpg?fit=1200%2C562&ssl=1&resize=525%2C300 1.5x, https:\/\/i0.wp.com\/karin-rehnqvist.se\/eng\/wp-content\/uploads\/2017\/09\/KR_bakgrund_orangenoter3.jpg?fit=1200%2C562&ssl=1&resize=700%2C400 2x, https:\/\/i0.wp.com\/karin-rehnqvist.se\/eng\/wp-content\/uploads\/2017\/09\/KR_bakgrund_orangenoter3.jpg?fit=1200%2C562&ssl=1&resize=1050%2C600 3x"},"classes":[]},{"id":2154,"url":"https:\/\/karin-rehnqvist.se\/eng\/autumn-2021\/","url_meta":{"origin":2806,"position":1},"title":"Autumn 2021","author":"admin2","date":"September 5, 2021","format":false,"excerpt":"24 September 2021\u00a0 As long as the moon shall rise\u00a0| PREMIERE Kvindelige Studenters Sangforening, OsloConductor:\u00a0Marit T\u00f8ndel Bodsberg WeydeAnniversary Concert 70 yearsUniversitetsaulan, Oslo, 7 pm More info\u00a0\u203a 24-26 September 2021 Chor.com Hannover\u00a0 24\/9\u00a0 14:30 \u2013 16:00:\u00a0 Workshop: Neue Chormusik von Karin Rehnqvist\/ New choir music by Karin Rehnqvist Eric Ericson Chamber\u2026","rel":"","context":"Similar post","block_context":{"text":"Similar post","link":""},"img":{"alt_text":"","src":"https:\/\/i0.wp.com\/karin-rehnqvist.se\/wp-content\/uploads\/musik-i-natten_del-300x275.jpg?resize=350%2C200&ssl=1","width":350,"height":200},"classes":[]},{"id":1905,"url":"https:\/\/karin-rehnqvist.se\/eng\/autumn-2019\/","url_meta":{"origin":2806,"position":2},"title":"Autumn 2019","author":"admin2","date":"September 13, 2019","format":false,"excerpt":"1 September 2019 Opening konsert for \u00d8stfold Kammerfest, Gressvik, Fredrikstad, NorwayTimpanum songs \u2013 Herding calls\/Puks\u00e5nger \u2013 lockrop Berit Norbakken Solset, Ulrika Bod\u00e9n, voices, Rune Halvorsen, timpanumBibliotekets aula, Fredrikstad, 7 pm 4 October 2019 The Riddle\/ G\u00e5tan, for string quartet MalvaKvartetten (Linnea H\u00e4llqvist - violin, Knapp Brita Pettersson - violin, Maria\u2026","rel":"","context":"Similar post","block_context":{"text":"Similar post","link":""},"img":{"alt_text":"","src":"","width":0,"height":0},"classes":[]},{"id":1670,"url":"https:\/\/karin-rehnqvist.se\/eng\/autumn-2018\/","url_meta":{"origin":2806,"position":3},"title":"Autumn 2018","author":"admin2","date":"October 13, 2018","format":false,"excerpt":"10 August, 2018 Day is here! \u2013 for eight voices and strings \u2013 Premiere Musica Vitae, Vokalharmonin, cond. Fredrik Malmberg V\u00e4stervik Chamber Music Festival Listen \u203a 29 September, 2018 Haya!:\u00a0song to the joy of day for mixed double choir a cappella F\u00f6reningen Svenska Tons\u00e4ttare\/ Swedish Society of Composers, 100 years\u2026","rel":"","context":"Similar post","block_context":{"text":"Similar post","link":""},"img":{"alt_text":"","src":"https:\/\/i0.wp.com\/karin-rehnqvist.se\/eng\/wp-content\/uploads\/2018\/10\/KR_biografi.png?resize=350%2C200","width":350,"height":200},"classes":[]}],"_links":{"self":[{"href":"https:\/\/karin-rehnqvist.se\/eng\/wp-json\/wp\/v2\/pages\/2806","targetHints":{"allow":["GET"]}}],"collection":[{"href":"https:\/\/karin-rehnqvist.se\/eng\/wp-json\/wp\/v2\/pages"}],"about":[{"href":"https:\/\/karin-rehnqvist.se\/eng\/wp-json\/wp\/v2\/types\/page"}],"author":[{"embeddable":true,"href":"https:\/\/karin-rehnqvist.se\/eng\/wp-json\/wp\/v2\/users\/1"}],"replies":[{"embeddable":true,"href":"https:\/\/karin-rehnqvist.se\/eng\/wp-json\/wp\/v2\/comments?post=2806"}],"version-history":[{"count":14,"href":"https:\/\/karin-rehnqvist.se\/eng\/wp-json\/wp\/v2\/pages\/2806\/revisions"}],"predecessor-version":[{"id":2831,"href":"https:\/\/karin-rehnqvist.se\/eng\/wp-json\/wp\/v2\/pages\/2806\/revisions\/2831"}],"wp:featuredmedia":[{"embeddable":true,"href":"https:\/\/karin-rehnqvist.se\/eng\/wp-json\/wp\/v2\/media\/2825"}],"wp:attachment":[{"href":"https:\/\/karin-rehnqvist.se\/eng\/wp-json\/wp\/v2\/media?parent=2806"}],"curies":[{"name":"wp","href":"https:\/\/api.w.org\/{rel}","templated":true}]}}