{"id":2625,"date":"2023-04-04T15:25:45","date_gmt":"2023-04-04T14:25:45","guid":{"rendered":"https:\/\/karin-rehnqvist.se\/eng\/?page_id=2625"},"modified":"2023-04-26T11:45:58","modified_gmt":"2023-04-26T10:45:58","slug":"spring-2023","status":"publish","type":"page","link":"https:\/\/karin-rehnqvist.se\/eng\/spring-2023\/","title":{"rendered":"Spring 2023"},"content":{"rendered":"\n<p><strong>2 March 2023<\/strong><\/p>\n\n\n\n<p><strong>Breaking the Ice&nbsp;<\/strong>(from Arktis Arktis!)<br>Norrlandsoperan Symphony Orchestra&nbsp;, Ville Matvejeff, cond<br>Norrlandsoperan, Ume\u00e5, 7 pm<\/p>\n\n\n\n<p><strong>7 <strong>March<\/strong> 2023<\/strong><\/p>\n\n\n\n<p><strong>Breaking the Ice&nbsp;<\/strong>(from Arctis Arktis!)<br>Norrlandsoperan Symphony Orchestra&nbsp;, Ville Matvejeff, cond<br>Sara Kulturhus, Skellefte\u00e5<\/p>\n\n\n\n<p><strong>8 <strong>March<\/strong> 2023<\/strong><\/p>\n\n\n\n<p><strong>Breaking the Ice&nbsp;<\/strong>(from Arktis Arktis!)<br>Norrlandsoperan Symphony Orchestra&nbsp;, Ville Matvejeff, cond<br>Kulturens Hus, Lule\u00e5<\/p>\n\n\n\n<p><strong>12 <strong>March<\/strong> 2023<\/strong><\/p>\n\n\n\n<p><strong>Breaking the Ice&nbsp;<\/strong>(from Arktis Arktis!)<br>Norrlandsoperan Symphony Orchestra&nbsp;, Ville Matvejeff, cond<br>Ule\u00e5borg, Finland<\/p>\n\n\n\n<hr class=\"wp-block-separator has-alpha-channel-opacity\"\/>\n\n\n\n<p><strong>23 <strong>March<\/strong> 2023<\/strong><\/p>\n\n\n\n<p><strong><strong>Night Chant<\/strong> <\/strong>(Musik i natten)<br>Norrbotten NEO, Rei Munakata, cond<br>Kulturhuset Najaden, Halmstad, 7 pm<\/p>\n\n\n\n<hr class=\"wp-block-separator has-alpha-channel-opacity\"\/>\n\n\n\n<p><strong>5 April 2023<\/strong><\/p>\n\n\n\n<p><strong>I Raise My Hands<\/strong> (Jag lyfter mina h\u00e4nder)<br>BBC Singers, Sofi Jeannin, cond<br>St Paul&#8217;s Church, Knightsbridge, London, 2.30 pm<\/p>\n\n\n\n<hr class=\"wp-block-separator has-alpha-channel-opacity\"\/>\n\n\n\n<p><strong>6 May 2023 \u2013 PREMIERE<\/strong><br><br><strong>Jag vet, jag duger<\/strong>&nbsp;(I know, I can do it) \u2013 for children&#8217;s choir, alto saxophone and piano<br>Text and music: Karin Rehnqvist<br>Adolf Fredriks Musikklasser, Lina Sandborgh, cond<br>J\u00f6rgen Petterson, saxophone, Tom Rudberg, piano<br>Kulturhuset Stockholm, H\u00f6rsalen, 3 pm and 5 pm<\/p>\n\n\n\n<hr class=\"wp-block-separator has-alpha-channel-opacity\"\/>\n\n\n\n<p><strong>6 \u2013 7 May 2023<\/strong><\/p>\n\n\n\n<p><strong>The Riddle<\/strong>, for string quartet \u2013 KRONOS\u2019 50 FOR THE FUTURE WEEKEND<br>String Quartet Biennale with concerts and master classes<br>Muziekgebouw &amp; BIMHUIS, Amsterdam<br><a href=\"https:\/\/karin-rehnqvist.se\/eng\/50-newly-composed-string-quartets-in-one-weekend\/\" data-type=\"post\" data-id=\"2658\" target=\"_blank\" rel=\"noreferrer noopener\">More<\/a> \u203a<\/p>\n\n\n\n<hr class=\"wp-block-separator has-alpha-channel-opacity\"\/>\n\n\n\n<p><strong>24 May 2023<\/strong><\/p>\n\n\n\n<p><strong>Sji olwatt<\/strong><br>Vokalharmonin, Fredrik Malmberg, cond<br>Musik p\u00e5 Udden, Valdemarsudde, Stockholm, 6.30 pm<\/p>\n\n\n\n<hr class=\"wp-block-separator has-alpha-channel-opacity\"\/>\n\n\n\n<p><strong>5 June 2023<\/strong><br><br><strong>Night Chant<\/strong> (Musik i natten)&nbsp;\u2013 KLANG \u2013 Copenhagen Avantgarde Music Festival<br>Norrbotten NEO<br>B Tommy Andersson, cond<br>Musikhuset K\u00f6penhamn, 8 pm<br><br><br><\/p>\n","protected":false},"excerpt":{"rendered":"<p>2 March 2023 Breaking the Ice&nbsp;(from Arktis Arktis!)Norrlandsoperan Symphony Orchestra&nbsp;, Ville Matvejeff, condNorrlandsoperan, Ume\u00e5, 7 pm 7 March 2023 Breaking the Ice&nbsp;(from Arctis <\/p>\n","protected":false},"author":1,"featured_media":2236,"parent":0,"menu_order":0,"comment_status":"closed","ping_status":"closed","template":"","meta":{"ngg_post_thumbnail":0,"jetpack_post_was_ever_published":false,"footnotes":""},"class_list":["post-2625","page","type-page","status-publish","has-post-thumbnail","hentry"],"jetpack_sharing_enabled":true,"jetpack_shortlink":"https:\/\/wp.me\/P79arM-Gl","jetpack-related-posts":[{"id":2806,"url":"https:\/\/karin-rehnqvist.se\/eng\/autumn-2023\/","url_meta":{"origin":2625,"position":0},"title":"Autumn 2023","author":"admin2","date":"November 17, 2023","format":false,"excerpt":"10 September 2023The RiddleMalva Quartet Ny Musik I S\u00f6rmland, Dr\u00f6mfabriken, Stallarholmen, Sweden, 4 pm 13 September 2023Course\/seminar for young composers: Landesakademie Ochsenhausen, Germany, September 9\u201314.Universe \u2013 premiere 1\u00a0Orpheus Vokalensemble. Cond. MIchael AlberOchsenhausen, Baden-W\u00fcrttemberg 28 September 2023S\u00e5 g\u00e5r en dag ur Sols\u00e5ngen\/ Sun Song,\u00a0Ljusf\u00e4lten\/ Fields of lightG\u00f6teborg Wind Orchestra, Lena Willemark.\u2026","rel":"","context":"Similar post","block_context":{"text":"Similar post","link":""},"img":{"alt_text":"","src":"https:\/\/i0.wp.com\/karin-rehnqvist.se\/eng\/wp-content\/uploads\/2023\/11\/host_soluppgang.jpg?fit=1200%2C634&ssl=1&resize=350%2C200","width":350,"height":200,"srcset":"https:\/\/i0.wp.com\/karin-rehnqvist.se\/eng\/wp-content\/uploads\/2023\/11\/host_soluppgang.jpg?fit=1200%2C634&ssl=1&resize=350%2C200 1x, https:\/\/i0.wp.com\/karin-rehnqvist.se\/eng\/wp-content\/uploads\/2023\/11\/host_soluppgang.jpg?fit=1200%2C634&ssl=1&resize=525%2C300 1.5x, https:\/\/i0.wp.com\/karin-rehnqvist.se\/eng\/wp-content\/uploads\/2023\/11\/host_soluppgang.jpg?fit=1200%2C634&ssl=1&resize=700%2C400 2x, https:\/\/i0.wp.com\/karin-rehnqvist.se\/eng\/wp-content\/uploads\/2023\/11\/host_soluppgang.jpg?fit=1200%2C634&ssl=1&resize=1050%2C600 3x"},"classes":[]},{"id":2221,"url":"https:\/\/karin-rehnqvist.se\/eng\/listen-to-the-music\/","url_meta":{"origin":2625,"position":1},"title":"Listen to the music","author":"admin2","date":"September 21, 2021","format":false,"excerpt":"Salve ReginaNederlands Kamerkoor, Nieuw Ensemble, Ed Spanjaard, conductor\u201dLIVE\u201d Karin Rehnqvist, Composer [Sterling Modern CD3002-2] Sun Song\/ Sols\u00e5ngenLena Willemark, soprano.\u00a0Nordic Chamber Orchestra, Niklas Will\u00e9n, conductor[BIS 966, Intim Musik IMCD 037] \u00a0Preludes for a large orchestra,\u00a0met 2Royal Philharmonic Orchestra Stockholm,\u00a0Niklas Will\u00e9n, conductor When I close my eyes, I dream of peaceSchola Cantorum,\u2026","rel":"","context":"Similar post","block_context":{"text":"Similar post","link":""},"img":{"alt_text":"KR-cd_Live_omslag","src":"https:\/\/i0.wp.com\/karin-rehnqvist.se\/wp-content\/uploads\/KR-cd_Live_omslag-150x150.jpg?resize=350%2C200","width":350,"height":200},"classes":[]},{"id":1545,"url":"https:\/\/karin-rehnqvist.se\/eng\/spring-2018\/","url_meta":{"origin":2625,"position":2},"title":"Spring 2018","author":"admin2","date":"February 3, 2018","format":false,"excerpt":"19 January 2018 Arktis Arktis! Nordic Chamber Orchestra,\u00a0Emil Eliasson, cond. Tonhallen Sundsvall, 7:00 pm 31 January 2018 N\u00e4r korpen vitnar\/ When the Raven blanches Sols\u00e5ngen\/ Sun Song Berit Norbakken Solset, soprano,\u00a0Norwegian Arctic Philharmonic Orchestra,\u00a0Tim Weiss, cond. Troms\u00f8 domkirke, Troms\u00f8, 7:30 pm Mer info \u203a 2 February 2018 When I close\u2026","rel":"","context":"Similar post","block_context":{"text":"Similar post","link":""},"img":{"alt_text":"","src":"https:\/\/i0.wp.com\/karin-rehnqvist.se\/eng\/wp-content\/uploads\/2018\/02\/bakgrund_mag-gr%C3%B6nnoter-InOrbit_1700.jpg?fit=1200%2C756&ssl=1&resize=350%2C200","width":350,"height":200,"srcset":"https:\/\/i0.wp.com\/karin-rehnqvist.se\/eng\/wp-content\/uploads\/2018\/02\/bakgrund_mag-gr%C3%B6nnoter-InOrbit_1700.jpg?fit=1200%2C756&ssl=1&resize=350%2C200 1x, https:\/\/i0.wp.com\/karin-rehnqvist.se\/eng\/wp-content\/uploads\/2018\/02\/bakgrund_mag-gr%C3%B6nnoter-InOrbit_1700.jpg?fit=1200%2C756&ssl=1&resize=525%2C300 1.5x, https:\/\/i0.wp.com\/karin-rehnqvist.se\/eng\/wp-content\/uploads\/2018\/02\/bakgrund_mag-gr%C3%B6nnoter-InOrbit_1700.jpg?fit=1200%2C756&ssl=1&resize=700%2C400 2x, https:\/\/i0.wp.com\/karin-rehnqvist.se\/eng\/wp-content\/uploads\/2018\/02\/bakgrund_mag-gr%C3%B6nnoter-InOrbit_1700.jpg?fit=1200%2C756&ssl=1&resize=1050%2C600 3x"},"classes":[]},{"id":966,"url":"https:\/\/karin-rehnqvist.se\/eng\/cd\/","url_meta":{"origin":2625,"position":3},"title":"CD","author":"admin2","date":"January 23, 2016","format":false,"excerpt":"Buy Rehnqvist-music: eClassical > iTunes > LIVE! Karin Rehnqvist, Composer GRAMMIS Award 2014 \u00a0| \u00a0Sterling Modern CD3002-2 Light of Light\u00a0\u00bb Adolf Fredriks Flickk\u00f6r, Sveriges Radios Symfoniorkester Quem chama. Vem ropar?\u00a0\u00bb Marie Axelsson, Johanna B\u00f6lja Hertzberg, Remix Ensemble Salve Regina \u2013 himlarnas drottning\u00a0\u00bb Nederlands Kamerkoor, Nieuw Ensemble Musik till den sovande\u00a0\u00bb\u2026","rel":"","context":"Similar post","block_context":{"text":"Similar post","link":""},"img":{"alt_text":"Rehnqvist_Live_booklet_omsl","src":"https:\/\/i0.wp.com\/karin-rehnqvist.se\/eng\/wp-content\/uploads\/2016\/01\/Rehnqvist_Live_booklet_omsl-150x150.jpg?resize=350%2C200","width":350,"height":200},"classes":[]},{"id":3599,"url":"https:\/\/karin-rehnqvist.se\/eng\/biography\/","url_meta":{"origin":2625,"position":4},"title":"Biography","author":"Johan N\u00e4slund","date":"January 9, 2025","format":false,"excerpt":"Karin Rehnqvist was born in 1957 in Stockholm and grew up in the town of Nybro in southeast Sweden. At the Royal College of Music in Stockholm she studied music education from 1976, and then composition from 1980 to 1984. Her teachers included Gunnar Bucht, P\u00e4r Lindgren and Brian Ferneyhough.\u2026","rel":"","context":"Similar post","block_context":{"text":"Similar post","link":""},"img":{"alt_text":"","src":"https:\/\/i0.wp.com\/karin-rehnqvist.se\/eng\/wp-content\/uploads\/2025\/01\/KarinRehnqvist087_3-1.jpg?resize=350%2C200&ssl=1","width":350,"height":200},"classes":[]},{"id":1048,"url":"https:\/\/karin-rehnqvist.se\/eng\/highlights\/","url_meta":{"origin":2625,"position":5},"title":"Highlights","author":"admin2","date":"January 27, 2016","format":false,"excerpt":"Performances 2024 The Dream\u00a0\u2013\u00a0World premiere Unni L\u00f8vlid, alt, Marianne Baudouin Lie, cello Krematoriet, Stockholm Jag blir s\u00e5 arg\/ It Makes Me Mad \u2013 World premiere The Choir Kvinten from Nacka Music School, Magnus Sk\u00f6ld, piano Sara Pucek, conductor Royal College of Music, Stockholm Min dr\u00f6ms\u00e5ng\/My Dreamsong - World premiere Choir\u2026","rel":"","context":"Similar post","block_context":{"text":"Similar post","link":""},"img":{"alt_text":"","src":"https:\/\/i0.wp.com\/karin-rehnqvist.se\/eng\/wp-content\/uploads\/2016\/01\/higlights2.jpg?fit=1020%2C412&ssl=1&resize=350%2C200","width":350,"height":200,"srcset":"https:\/\/i0.wp.com\/karin-rehnqvist.se\/eng\/wp-content\/uploads\/2016\/01\/higlights2.jpg?fit=1020%2C412&ssl=1&resize=350%2C200 1x, https:\/\/i0.wp.com\/karin-rehnqvist.se\/eng\/wp-content\/uploads\/2016\/01\/higlights2.jpg?fit=1020%2C412&ssl=1&resize=525%2C300 1.5x, https:\/\/i0.wp.com\/karin-rehnqvist.se\/eng\/wp-content\/uploads\/2016\/01\/higlights2.jpg?fit=1020%2C412&ssl=1&resize=700%2C400 2x"},"classes":[]}],"_links":{"self":[{"href":"https:\/\/karin-rehnqvist.se\/eng\/wp-json\/wp\/v2\/pages\/2625","targetHints":{"allow":["GET"]}}],"collection":[{"href":"https:\/\/karin-rehnqvist.se\/eng\/wp-json\/wp\/v2\/pages"}],"about":[{"href":"https:\/\/karin-rehnqvist.se\/eng\/wp-json\/wp\/v2\/types\/page"}],"author":[{"embeddable":true,"href":"https:\/\/karin-rehnqvist.se\/eng\/wp-json\/wp\/v2\/users\/1"}],"replies":[{"embeddable":true,"href":"https:\/\/karin-rehnqvist.se\/eng\/wp-json\/wp\/v2\/comments?post=2625"}],"version-history":[{"count":9,"href":"https:\/\/karin-rehnqvist.se\/eng\/wp-json\/wp\/v2\/pages\/2625\/revisions"}],"predecessor-version":[{"id":2670,"href":"https:\/\/karin-rehnqvist.se\/eng\/wp-json\/wp\/v2\/pages\/2625\/revisions\/2670"}],"wp:featuredmedia":[{"embeddable":true,"href":"https:\/\/karin-rehnqvist.se\/eng\/wp-json\/wp\/v2\/media\/2236"}],"wp:attachment":[{"href":"https:\/\/karin-rehnqvist.se\/eng\/wp-json\/wp\/v2\/media?parent=2625"}],"curies":[{"name":"wp","href":"https:\/\/api.w.org\/{rel}","templated":true}]}}