{"id":2221,"date":"2021-09-21T15:00:35","date_gmt":"2021-09-21T14:00:35","guid":{"rendered":"https:\/\/karin-rehnqvist.se\/eng\/?page_id=2221"},"modified":"2021-09-21T17:55:44","modified_gmt":"2021-09-21T16:55:44","slug":"listen-to-the-music","status":"publish","type":"page","link":"https:\/\/karin-rehnqvist.se\/eng\/listen-to-the-music\/","title":{"rendered":"Listen to the music"},"content":{"rendered":"\n<div class=\"compact_audio_player_wrapper\"><div class=\"sc_player_container1\"><input type=\"button\" id=\"btnplay_69dff27f8a5763.15665422\" class=\"myButton_play\" onClick=\"play_mp3('play','69dff27f8a5763.15665422','http:\/\/karin-rehnqvist.se\/listen\/SalveRegina_xtr.mp3','80','false');show_hide('play','69dff27f8a5763.15665422');\" \/><input type=\"button\"  id=\"btnstop_69dff27f8a5763.15665422\" style=\"display:none\" class=\"myButton_stop\" onClick=\"play_mp3('stop','69dff27f8a5763.15665422','','80','false');show_hide('stop','69dff27f8a5763.15665422');\" \/><div id=\"sm2-container\"><!-- flash movie ends up here --><\/div><\/div><\/div>\n\n\n\n<h5 class=\"wp-block-heading\"><img data-recalc-dims=\"1\" height=\"150\" width=\"150\" decoding=\"async\" src=\"https:\/\/i0.wp.com\/karin-rehnqvist.se\/wp-content\/uploads\/KR-cd_Live_omslag-150x150.jpg?resize=150%2C150\" alt=\"KR-cd_Live_omslag\" style=\"width: 150px;\"><\/h5>\n\n\n\n<div id=\"ez-toc-container\" class=\"ez-toc-v2_0_82_2 counter-hierarchy ez-toc-counter ez-toc-light-blue ez-toc-container-direction\">\n<div class=\"ez-toc-title-container\">\n<p class=\"ez-toc-title\" style=\"cursor:inherit\">About Drifted<\/p>\n<span class=\"ez-toc-title-toggle\"><a href=\"#\" class=\"ez-toc-pull-right ez-toc-btn ez-toc-btn-xs ez-toc-btn-default ez-toc-toggle\" aria-label=\"Toggle Table of Content\"><span class=\"ez-toc-js-icon-con\"><span class=\"\"><span class=\"eztoc-hide\" style=\"display:none;\">Toggle<\/span><span class=\"ez-toc-icon-toggle-span\"><svg style=\"fill: #999;color:#999\" xmlns=\"http:\/\/www.w3.org\/2000\/svg\" class=\"list-377408\" width=\"20px\" height=\"20px\" viewBox=\"0 0 24 24\" fill=\"none\"><path d=\"M6 6H4v2h2V6zm14 0H8v2h12V6zM4 11h2v2H4v-2zm16 0H8v2h12v-2zM4 16h2v2H4v-2zm16 0H8v2h12v-2z\" fill=\"currentColor\"><\/path><\/svg><svg style=\"fill: #999;color:#999\" class=\"arrow-unsorted-368013\" xmlns=\"http:\/\/www.w3.org\/2000\/svg\" width=\"10px\" height=\"10px\" viewBox=\"0 0 24 24\" version=\"1.2\" baseProfile=\"tiny\"><path d=\"M18.2 9.3l-6.2-6.3-6.2 6.3c-.2.2-.3.4-.3.7s.1.5.3.7c.2.2.4.3.7.3h11c.3 0 .5-.1.7-.3.2-.2.3-.5.3-.7s-.1-.5-.3-.7zM5.8 14.7l6.2 6.3 6.2-6.3c.2-.2.3-.5.3-.7s-.1-.5-.3-.7c-.2-.2-.4-.3-.7-.3h-11c-.3 0-.5.1-.7.3-.2.2-.3.5-.3.7s.1.5.3.7z\"\/><\/svg><\/span><\/span><\/span><\/a><\/span><\/div>\n<nav><ul class='ez-toc-list ez-toc-list-level-1 ' ><li class='ez-toc-page-1 ez-toc-heading-level-3'><a class=\"ez-toc-link ez-toc-heading-1\" href=\"https:\/\/karin-rehnqvist.se\/eng\/listen-to-the-music\/#Salve_Regina_Nederlands_Kamerkoor_Nieuw_Ensemble_Ed_Spanjaard_conductor_%E2%80%9DLIVE%E2%80%9D_Karin_Rehnqvist_Composer_Sterling_Modern_CD3002-2\" >Salve Regina Nederlands Kamerkoor, Nieuw Ensemble, Ed Spanjaard, conductor \u201dLIVE\u201d Karin Rehnqvist, Composer  [Sterling Modern CD3002-2]<\/a><\/li><li class='ez-toc-page-1 ez-toc-heading-level-3'><a class=\"ez-toc-link ez-toc-heading-2\" href=\"https:\/\/karin-rehnqvist.se\/eng\/listen-to-the-music\/#Sun_Song_Solsangen_Lena_Willemark_soprano_Nordic_Chamber_Orchestra_Niklas_Willen_conductor_BIS_966_Intim_Musik_IMCD_037\" >Sun Song\/ Sols\u00e5ngen Lena Willemark, soprano.\u00a0Nordic Chamber Orchestra, Niklas Will\u00e9n, conductor [BIS 966, Intim Musik IMCD 037]<\/a><\/li><li class='ez-toc-page-1 ez-toc-heading-level-3'><a class=\"ez-toc-link ez-toc-heading-3\" href=\"https:\/\/karin-rehnqvist.se\/eng\/listen-to-the-music\/#_Preludes_for_a_large_orchestra_met_2_Royal_Philharmonic_Orchestra_Stockholm_Niklas_Willen_conductor\" >&nbsp;Preludes for a large orchestra,&nbsp;met 2 Royal Philharmonic Orchestra Stockholm,&nbsp;Niklas Will\u00e9n, conductor<\/a><\/li><li class='ez-toc-page-1 ez-toc-heading-level-3'><a class=\"ez-toc-link ez-toc-heading-4\" href=\"https:\/\/karin-rehnqvist.se\/eng\/listen-to-the-music\/#When_I_close_my_eyes_I_dream_of_peace_Schola_Cantorum_Tone_Bianca_Sparre_Dahl_conductor\" >When I close my eyes, I dream of peace Schola Cantorum, Tone Bianca Sparre Dahl, conductor<\/a><\/li><li class='ez-toc-page-1 ez-toc-heading-level-3'><a class=\"ez-toc-link ez-toc-heading-5\" href=\"https:\/\/karin-rehnqvist.se\/eng\/listen-to-the-music\/#The_World_Clock_Varldsklockan_Svenska_Kammarkoren_Simon_Phipps_conductor\" >The World Clock\/ V\u00e4rldsklockan Svenska Kammark\u00f6ren, Simon Phipps, conductor<\/a><\/li><li class='ez-toc-page-1 ez-toc-heading-level-3'><a class=\"ez-toc-link ez-toc-heading-6\" href=\"https:\/\/karin-rehnqvist.se\/eng\/listen-to-the-music\/#_Tiger_Touch_for_symphony_orchestra_Gothenburg_Symphony_Orchestra_Gustavo_Dudamel_conductor\" >&nbsp;Tiger Touch&nbsp;for symphony orchestra Gothenburg Symphony Orchestra, Gustavo Dudamel, conductor<\/a><\/li><li class='ez-toc-page-1 ez-toc-heading-level-3'><a class=\"ez-toc-link ez-toc-heading-7\" href=\"https:\/\/karin-rehnqvist.se\/eng\/listen-to-the-music\/#Arktis_Arktis_mvt_1_Swedish_Chamber_Orchestra_John_Storgards_conductor_BIS_1396\" >Arktis Arktis!&nbsp;mvt 1 Swedish Chamber Orchestra, John Storg\u00e5rds, conductor&nbsp; [BIS 1396]<\/a><\/li><li class='ez-toc-page-1 ez-toc-heading-level-3'><a class=\"ez-toc-link ez-toc-heading-8\" href=\"https:\/\/karin-rehnqvist.se\/eng\/listen-to-the-music\/#Hymn_for_orchestra_mixed_choir_and_hight_soprano_Komponerat_till_kronprinsessbrollopet_2010_Royal_Philharmonic_Orchestra_Stockholm_Storkyrkans_korer_Gustaf_Sjokvist_conductor\" >Hymn for orchestra, mixed choir and hight soprano. Komponerat till kronprinsessbr\u00f6llopet 2010. Royal Philharmonic Orchestra Stockholm,&nbsp;Storkyrkans k\u00f6rer, Gustaf Sj\u00f6kvist, conductor<\/a><\/li><li class='ez-toc-page-1 ez-toc-heading-level-3'><a class=\"ez-toc-link ez-toc-heading-9\" href=\"https:\/\/karin-rehnqvist.se\/eng\/listen-to-the-music\/#Ljus_av_ljus_sats_1_Adolf_Fredriks_Girls_Choir_Swedish_Radio_Symphony_Orchestra_Manfred_Honeck_conductor_recording_from_The_Swedish_Radio\" >Ljus av ljus&nbsp;sats 1 Adolf Fredrik&#8217;s Girls Choir, Swedish Radio Symphony Orchestra,&nbsp;Manfred Honeck, conductor [recording from The Swedish Radio]<\/a><\/li><li class='ez-toc-page-1 ez-toc-heading-level-3'><a class=\"ez-toc-link ez-toc-heading-10\" href=\"https:\/\/karin-rehnqvist.se\/eng\/listen-to-the-music\/#On_A_Distant_Shore_mvt_4_Martin_Frost_clarinet_Swedish_Chamber_Orchestra_Petter_Sundkvist_conductor_BIS_1396\" >On A Distant Shore,&nbsp;mvt 4 Martin Fr\u00f6st, clarinet. Swedish Chamber Orchestra, Petter Sundkvist, conductor  [BIS 1396]<\/a><\/li><li class='ez-toc-page-1 ez-toc-heading-level-3'><a class=\"ez-toc-link ez-toc-heading-11\" href=\"https:\/\/karin-rehnqvist.se\/eng\/listen-to-the-music\/#Musik_till_den_sovande_Olle_Persson_baryton\" >Musik till den sovande Olle Persson, baryton<\/a><\/li><li class='ez-toc-page-1 ez-toc-heading-level-3'><a class=\"ez-toc-link ez-toc-heading-12\" href=\"https:\/\/karin-rehnqvist.se\/eng\/listen-to-the-music\/#Time_of_Taromir_Ostrobothnian_Chamber_Orchestra_Juha_Kangas_conductor_Phono_Suecia_PSCD_85\" >Time of Taromir Ostrobothnian Chamber Orchestra,\u00a0Juha Kangas conductor\u00a0 [Phono Suecia PSCD 85]<\/a><\/li><\/ul><\/nav><\/div>\n<h3 class=\"wp-block-heading\"><span class=\"ez-toc-section\" id=\"Salve_Regina_Nederlands_Kamerkoor_Nieuw_Ensemble_Ed_Spanjaard_conductor_%E2%80%9DLIVE%E2%80%9D_Karin_Rehnqvist_Composer_Sterling_Modern_CD3002-2\"><\/span><strong>Salve Regina<\/strong><br>Nederlands Kamerkoor, Nieuw Ensemble, Ed Spanjaard, conductor<br>\u201dLIVE\u201d Karin Rehnqvist, Composer <br>[Sterling Modern CD3002-2]<span class=\"ez-toc-section-end\"><\/span><\/h3>\n\n\n\n<hr class=\"wp-block-separator\"\/>\n\n\n\n<div class=\"compact_audio_player_wrapper\"><div class=\"sc_player_container1\"><input type=\"button\" id=\"btnplay_69dff27f8b69a9.12699030\" class=\"myButton_play\" onClick=\"play_mp3('play','69dff27f8b69a9.12699030','http:\/\/www.karin-rehnqvist.se\/listen\/Solsangen1_xtr.mp3','80','false');show_hide('play','69dff27f8b69a9.12699030');\" \/><input type=\"button\"  id=\"btnstop_69dff27f8b69a9.12699030\" style=\"display:none\" class=\"myButton_stop\" onClick=\"play_mp3('stop','69dff27f8b69a9.12699030','','80','false');show_hide('stop','69dff27f8b69a9.12699030');\" \/><div id=\"sm2-container\"><!-- flash movie ends up here --><\/div><\/div><\/div>\n\n\n\n<h6 class=\"wp-block-heading\"><img data-recalc-dims=\"1\" height=\"150\" width=\"150\" decoding=\"async\" src=\"https:\/\/i0.wp.com\/karin-rehnqvist.se\/wp-content\/uploads\/sols%C3%A5ngen_cd-150x150.jpg?resize=150%2C150\" alt=\"sols\u00e5ngen_cd\" style=\"width: 150px;\"><\/h6>\n\n\n\n<h3 class=\"wp-block-heading\"><span class=\"ez-toc-section\" id=\"Sun_Song_Solsangen_Lena_Willemark_soprano_Nordic_Chamber_Orchestra_Niklas_Willen_conductor_BIS_966_Intim_Musik_IMCD_037\"><\/span><strong>Sun Song\/ Sols\u00e5ngen<\/strong><br>Lena Willemark, soprano.\u00a0Nordic Chamber Orchestra, Niklas Will\u00e9n, conductor<br>[BIS 966, Intim Musik IMCD 037]<span class=\"ez-toc-section-end\"><\/span><\/h3>\n\n\n\n<hr class=\"wp-block-separator\"\/>\n\n\n<div class=\"compact_audio_player_wrapper\"><div class=\"sc_player_container1\"><input type=\"button\" id=\"btnplay_69dff27f8c5ba1.56337444\" class=\"myButton_play\" onClick=\"play_mp3('play','69dff27f8c5ba1.56337444','http:\/\/www.karin-rehnqvist.se\/listen\/Preludier_2_xtr.mp3','80','false');show_hide('play','69dff27f8c5ba1.56337444');\" \/><input type=\"button\"  id=\"btnstop_69dff27f8c5ba1.56337444\" style=\"display:none\" class=\"myButton_stop\" onClick=\"play_mp3('stop','69dff27f8c5ba1.56337444','','80','false');show_hide('stop','69dff27f8c5ba1.56337444');\" \/><div id=\"sm2-container\"><!-- flash movie ends up here --><\/div><\/div><\/div>\n\n\n\n<h3 class=\"wp-block-heading\"><img data-recalc-dims=\"1\" decoding=\"async\" class=\"\" src=\"https:\/\/i0.wp.com\/www.karin-rehnqvist.se\/Resources\/cdomsl2preludier.jpeg?w=640\" alt=\"Cdomsl2Preludier1\" style=\"width: 150px;\">&nbsp;<strong>Preludes for a large orchestra,<\/strong>&nbsp;met 2<br>Royal Philharmonic Orchestra Stockholm,&nbsp;Niklas Will\u00e9n, conductor<\/h3>\n\n\n\n<hr class=\"wp-block-separator\"\/>\n\n\n<div style=\"color:red;font-weight:bold;\">Requested file could not be found (error code 404). Verify the file URL specified in the shortcode.<\/div>\n\n\n\n<div class=\"wp-block-image is-style-default\"><figure class=\"alignleft\"><img data-recalc-dims=\"1\" height=\"150\" width=\"150\" decoding=\"async\" src=\"https:\/\/i0.wp.com\/karin-rehnqvist.se\/wp-content\/uploads\/ScolaCant_When-I-close-150x150.jpg?resize=150%2C150\" alt=\"\" class=\"wp-image-1260\"\/><\/figure><\/div>\n\n\n\n<h3 class=\"wp-block-heading\"><span class=\"ez-toc-section\" id=\"When_I_close_my_eyes_I_dream_of_peace_Schola_Cantorum_Tone_Bianca_Sparre_Dahl_conductor\"><\/span><strong>When I close my eyes, I dream of peace<\/strong><br>Schola Cantorum, Tone Bianca Sparre Dahl, conductor<span class=\"ez-toc-section-end\"><\/span><\/h3>\n\n\n\n<hr class=\"wp-block-separator\"\/>\n\n\n<div class=\"compact_audio_player_wrapper\"><div class=\"sc_player_container1\"><input type=\"button\" id=\"btnplay_69dff27fd75487.75912943\" class=\"myButton_play\" onClick=\"play_mp3('play','69dff27fd75487.75912943','http:\/\/www.karin-rehnqvist.se\/listen\/TheWorldClock_xtr.mp3','80','false');show_hide('play','69dff27fd75487.75912943');\" \/><input type=\"button\"  id=\"btnstop_69dff27fd75487.75912943\" style=\"display:none\" class=\"myButton_stop\" onClick=\"play_mp3('stop','69dff27fd75487.75912943','','80','false');show_hide('stop','69dff27fd75487.75912943');\" \/><div id=\"sm2-container\"><!-- flash movie ends up here --><\/div><\/div><\/div>\n\n\n\n<h3 class=\"wp-block-heading\"><img data-recalc-dims=\"1\" height=\"150\" width=\"150\" decoding=\"async\" src=\"https:\/\/i0.wp.com\/karin-rehnqvist.se\/wp-content\/uploads\/glob_v%C3%A4rldsklockan-01-150x150.png?resize=150%2C150\" alt=\"glob_v\u00e4rldsklockan-01\" style=\"width: 150px;\">The World Clock\/ V\u00e4rldsklockan<br>Svenska Kammark\u00f6ren, Simon Phipps, conductor<\/h3>\n\n\n\n<hr class=\"wp-block-separator\"\/>\n\n\n<div class=\"compact_audio_player_wrapper\"><div class=\"sc_player_container1\"><input type=\"button\" id=\"btnplay_69dff27fd8aec2.01903961\" class=\"myButton_play\" onClick=\"play_mp3('play','69dff27fd8aec2.01903961','http:\/\/karin-rehnqvist.se\/listen\/Tiger_Touch_xtr.mp3','80','false');show_hide('play','69dff27fd8aec2.01903961');\" \/><input type=\"button\"  id=\"btnstop_69dff27fd8aec2.01903961\" style=\"display:none\" class=\"myButton_stop\" onClick=\"play_mp3('stop','69dff27fd8aec2.01903961','','80','false');show_hide('stop','69dff27fd8aec2.01903961');\" \/><div id=\"sm2-container\"><!-- flash movie ends up here --><\/div><\/div><\/div>\n\n\n\n<h3 class=\"wp-block-heading\"><img data-recalc-dims=\"1\" decoding=\"async\" src=\"https:\/\/i0.wp.com\/www.karin-rehnqvist.se\/Resources\/tigertouchcdomsl.jpeg?w=640\" alt=\"TigerTouchcdomsl1\" style=\"width: 150px;\">&nbsp;<strong>Tiger Touch<\/strong>&nbsp;for symphony orchestra<br>Gothenburg Symphony Orchestra, Gustavo Dudamel, conductor<\/h3>\n\n\n\n<hr class=\"wp-block-separator\"\/>\n\n\n<div class=\"compact_audio_player_wrapper\"><div class=\"sc_player_container1\"><input type=\"button\" id=\"btnplay_69dff27fd9c5a7.38896748\" class=\"myButton_play\" onClick=\"play_mp3('play','69dff27fd9c5a7.38896748','http:\/\/karin-rehnqvist.se\/listen\/ArktisArktis_9xtr.mp3','80','false');show_hide('play','69dff27fd9c5a7.38896748');\" \/><input type=\"button\"  id=\"btnstop_69dff27fd9c5a7.38896748\" style=\"display:none\" class=\"myButton_stop\" onClick=\"play_mp3('stop','69dff27fd9c5a7.38896748','','80','false');show_hide('stop','69dff27fd9c5a7.38896748');\" \/><div id=\"sm2-container\"><!-- flash movie ends up here --><\/div><\/div><\/div>\n\n\n\n<h3 class=\"wp-block-heading\"><span class=\"ez-toc-section\" id=\"Arktis_Arktis_mvt_1_Swedish_Chamber_Orchestra_John_Storgards_conductor_BIS_1396\"><\/span><strong>Arktis Arktis!<\/strong>&nbsp;mvt 1<br>Swedish Chamber Orchestra, John Storg\u00e5rds, conductor&nbsp;<br>[BIS 1396]<span class=\"ez-toc-section-end\"><\/span><\/h3>\n\n\n\n<hr class=\"wp-block-separator\"\/>\n\n\n<div class=\"compact_audio_player_wrapper\"><div class=\"sc_player_container1\"><input type=\"button\" id=\"btnplay_69dff27fdab234.19720800\" class=\"myButton_play\" onClick=\"play_mp3('play','69dff27fdab234.19720800','http:\/\/karin-rehnqvist.se\/listen\/Hymn_xtr.mp3','80','false');show_hide('play','69dff27fdab234.19720800');\" \/><input type=\"button\"  id=\"btnstop_69dff27fdab234.19720800\" style=\"display:none\" class=\"myButton_stop\" onClick=\"play_mp3('stop','69dff27fdab234.19720800','','80','false');show_hide('stop','69dff27fdab234.19720800');\" \/><div id=\"sm2-container\"><!-- flash movie ends up here --><\/div><\/div><\/div>\n\n\n\n<h3 class=\"wp-block-heading\"><span class=\"ez-toc-section\" id=\"Hymn_for_orchestra_mixed_choir_and_hight_soprano_Komponerat_till_kronprinsessbrollopet_2010_Royal_Philharmonic_Orchestra_Stockholm_Storkyrkans_korer_Gustaf_Sjokvist_conductor\"><\/span><strong>Hymn<\/strong><br>for orchestra, mixed choir and hight soprano. Komponerat till kronprinsessbr\u00f6llopet 2010.<br>Royal Philharmonic Orchestra Stockholm,&nbsp;Storkyrkans k\u00f6rer, Gustaf Sj\u00f6kvist, conductor<span class=\"ez-toc-section-end\"><\/span><\/h3>\n\n\n\n<hr class=\"wp-block-separator\"\/>\n\n\n<div class=\"compact_audio_player_wrapper\"><div class=\"sc_player_container1\"><input type=\"button\" id=\"btnplay_69dff27fdbbf24.49922571\" class=\"myButton_play\" onClick=\"play_mp3('play','69dff27fdbbf24.49922571','http:\/\/karin-rehnqvist.se\/listen\/LjusAvLjus1_xtr.mp3','80','false');show_hide('play','69dff27fdbbf24.49922571');\" \/><input type=\"button\"  id=\"btnstop_69dff27fdbbf24.49922571\" style=\"display:none\" class=\"myButton_stop\" onClick=\"play_mp3('stop','69dff27fdbbf24.49922571','','80','false');show_hide('stop','69dff27fdbbf24.49922571');\" \/><div id=\"sm2-container\"><!-- flash movie ends up here --><\/div><\/div><\/div>\n\n\n\n<h3 class=\"wp-block-heading\"><span class=\"ez-toc-section\" id=\"Ljus_av_ljus_sats_1_Adolf_Fredriks_Girls_Choir_Swedish_Radio_Symphony_Orchestra_Manfred_Honeck_conductor_recording_from_The_Swedish_Radio\"><\/span><strong>Ljus av ljus<\/strong>&nbsp;sats 1<a rel=\"noreferrer noopener\" href=\"http:\/\/www.karin-rehnqvist.se\/listen\/DistantShore_4xtr.mp3\" target=\"_blank\"><br><\/a>Adolf Fredrik&#8217;s Girls Choir, Swedish Radio Symphony Orchestra,&nbsp;Manfred Honeck, conductor [recording from The Swedish Radio]<span class=\"ez-toc-section-end\"><\/span><\/h3>\n\n\n\n<hr class=\"wp-block-separator\"\/>\n\n\n<div class=\"compact_audio_player_wrapper\"><div class=\"sc_player_container1\"><input type=\"button\" id=\"btnplay_69dff27fdcb5e9.11188208\" class=\"myButton_play\" onClick=\"play_mp3('play','69dff27fdcb5e9.11188208','http:\/\/karin-rehnqvist.se\/listen\/DistantShore_4xtr.mp3','80','false');show_hide('play','69dff27fdcb5e9.11188208');\" \/><input type=\"button\"  id=\"btnstop_69dff27fdcb5e9.11188208\" style=\"display:none\" class=\"myButton_stop\" onClick=\"play_mp3('stop','69dff27fdcb5e9.11188208','','80','false');show_hide('stop','69dff27fdcb5e9.11188208');\" \/><div id=\"sm2-container\"><!-- flash movie ends up here --><\/div><\/div><\/div>\n\n\n\n<h3 class=\"wp-block-heading\"><span class=\"ez-toc-section\" id=\"On_A_Distant_Shore_mvt_4_Martin_Frost_clarinet_Swedish_Chamber_Orchestra_Petter_Sundkvist_conductor_BIS_1396\"><\/span><strong>On A Distant Shore<\/strong>,&nbsp;mvt 4<a rel=\"noreferrer noopener\" href=\"http:\/\/www.karin-rehnqvist.se\/listen\/DistantShore_4xtr.mp3\" target=\"_blank\"><br><\/a>Martin Fr\u00f6st, clarinet. Swedish Chamber Orchestra, Petter Sundkvist, conductor <br>[BIS 1396]<span class=\"ez-toc-section-end\"><\/span><\/h3>\n\n\n\n<hr class=\"wp-block-separator\"\/>\n\n\n<div class=\"compact_audio_player_wrapper\"><div class=\"sc_player_container1\"><input type=\"button\" id=\"btnplay_69dff27fddb493.00613763\" class=\"myButton_play\" onClick=\"play_mp3('play','69dff27fddb493.00613763','http:\/\/karin-rehnqvist.se\/listen\/Musik_till_den_sovande_xtr.mp4','80','false');show_hide('play','69dff27fddb493.00613763');\" \/><input type=\"button\"  id=\"btnstop_69dff27fddb493.00613763\" style=\"display:none\" class=\"myButton_stop\" onClick=\"play_mp3('stop','69dff27fddb493.00613763','','80','false');show_hide('stop','69dff27fddb493.00613763');\" \/><div id=\"sm2-container\"><!-- flash movie ends up here --><\/div><\/div><\/div>\n\n\n\n<h3 class=\"wp-block-heading\"><img data-recalc-dims=\"1\" height=\"150\" width=\"150\" decoding=\"async\" src=\"https:\/\/i0.wp.com\/karin-rehnqvist.se\/wp-content\/uploads\/KR-cd_Live_omslag-150x150.jpg?resize=150%2C150\" alt=\"KR-cd_Live_omslag\" style=\"width: 150px;\"><strong>Musik till den sovande<\/strong><br>Olle Persson, baryton<\/h3>\n\n\n\n<hr class=\"wp-block-separator\"\/>\n\n\n<div class=\"compact_audio_player_wrapper\"><div class=\"sc_player_container1\"><input type=\"button\" id=\"btnplay_69dff27fde9f30.25684789\" class=\"myButton_play\" onClick=\"play_mp3('play','69dff27fde9f30.25684789','http:\/\/karin-rehnqvist.se\/listen\/TaromirsTid_xtr.mp3','80','false');show_hide('play','69dff27fde9f30.25684789');\" \/><input type=\"button\"  id=\"btnstop_69dff27fde9f30.25684789\" style=\"display:none\" class=\"myButton_stop\" onClick=\"play_mp3('stop','69dff27fde9f30.25684789','','80','false');show_hide('stop','69dff27fde9f30.25684789');\" \/><div id=\"sm2-container\"><!-- flash movie ends up here --><\/div><\/div><\/div>\n\n\n\n<h3 class=\"wp-block-heading\"><span class=\"ez-toc-section\" id=\"Time_of_Taromir_Ostrobothnian_Chamber_Orchestra_Juha_Kangas_conductor_Phono_Suecia_PSCD_85\"><\/span><strong>Time of Taromir<\/strong><br>Ostrobothnian Chamber Orchestra,\u00a0Juha Kangas conductor\u00a0<br>[Phono Suecia PSCD 85]<span class=\"ez-toc-section-end\"><\/span><\/h3>\n","protected":false},"excerpt":{"rendered":"<p>Salve ReginaNederlands Kamerkoor, Nieuw Ensemble, Ed Spanjaard, conductor\u201dLIVE\u201d Karin Rehnqvist, Composer [Sterling Modern CD3002-2] Sun Song\/ Sols\u00e5ngenLena Willemark, soprano.\u00a0Nordic Chamber Orchestra, Niklas Will\u00e9n, <\/p>\n","protected":false},"author":1,"featured_media":0,"parent":0,"menu_order":0,"comment_status":"closed","ping_status":"closed","template":"","meta":{"ngg_post_thumbnail":0,"jetpack_post_was_ever_published":false,"footnotes":""},"class_list":["post-2221","page","type-page","status-publish","hentry"],"jetpack_sharing_enabled":true,"jetpack_shortlink":"https:\/\/wp.me\/P79arM-zP","jetpack-related-posts":[{"id":1042,"url":"https:\/\/karin-rehnqvist.se\/eng\/about-kulning\/","url_meta":{"origin":2221,"position":0},"title":"About &#8216;kulning&#8217;","author":"admin2","date":"January 27, 2016","format":false,"excerpt":"kulning | herding calls An archaic style of singing\/calling used to call\u00a0the\u00a0cows and goats down from high mountain pastures where they have been grazing during the day. 'The song of kulning' has a high-pitched vocal technique, i.e. a loud call using head tones. Kulning \u2013 sound sample\u00a0 sung by Karin\u2026","rel":"","context":"Similar post","block_context":{"text":"Similar post","link":""},"img":{"alt_text":"lagfjalldalarna","src":"https:\/\/i0.wp.com\/karin-rehnqvist.se\/eng\/wp-content\/uploads\/2016\/01\/lagfjalldalarna.jpeg?resize=350%2C200","width":350,"height":200,"srcset":"https:\/\/i0.wp.com\/karin-rehnqvist.se\/eng\/wp-content\/uploads\/2016\/01\/lagfjalldalarna.jpeg?resize=350%2C200 1x, https:\/\/i0.wp.com\/karin-rehnqvist.se\/eng\/wp-content\/uploads\/2016\/01\/lagfjalldalarna.jpeg?resize=525%2C300 1.5x, https:\/\/i0.wp.com\/karin-rehnqvist.se\/eng\/wp-content\/uploads\/2016\/01\/lagfjalldalarna.jpeg?resize=700%2C400 2x"},"classes":[]},{"id":1559,"url":"https:\/\/karin-rehnqvist.se\/eng\/archive\/","url_meta":{"origin":2221,"position":1},"title":"Archive","author":"admin2","date":"February 3, 2018","format":false,"excerpt":"","rel":"","context":"Similar post","block_context":{"text":"Similar post","link":""},"img":{"alt_text":"","src":"https:\/\/i0.wp.com\/karin-rehnqvist.se\/eng\/wp-content\/uploads\/2018\/02\/p%C3%A4rmrad_arkiv.jpg?resize=350%2C200","width":350,"height":200,"srcset":"https:\/\/i0.wp.com\/karin-rehnqvist.se\/eng\/wp-content\/uploads\/2018\/02\/p%C3%A4rmrad_arkiv.jpg?resize=350%2C200 1x, https:\/\/i0.wp.com\/karin-rehnqvist.se\/eng\/wp-content\/uploads\/2018\/02\/p%C3%A4rmrad_arkiv.jpg?resize=525%2C300 1.5x"},"classes":[]},{"id":960,"url":"https:\/\/karin-rehnqvist.se\/eng\/works\/","url_meta":{"origin":2221,"position":2},"title":"Works","author":"admin2","date":"January 23, 2016","format":false,"excerpt":"","rel":"","context":"Similar post","block_context":{"text":"Similar post","link":""},"img":{"alt_text":"","src":"https:\/\/i0.wp.com\/karin-rehnqvist.se\/eng\/wp-content\/uploads\/2016\/01\/REHNQVIST-ALL-THOSE-STRINGS_kantele_2.jpg?fit=850%2C455&ssl=1&resize=350%2C200","width":350,"height":200,"srcset":"https:\/\/i0.wp.com\/karin-rehnqvist.se\/eng\/wp-content\/uploads\/2016\/01\/REHNQVIST-ALL-THOSE-STRINGS_kantele_2.jpg?fit=850%2C455&ssl=1&resize=350%2C200 1x, https:\/\/i0.wp.com\/karin-rehnqvist.se\/eng\/wp-content\/uploads\/2016\/01\/REHNQVIST-ALL-THOSE-STRINGS_kantele_2.jpg?fit=850%2C455&ssl=1&resize=525%2C300 1.5x, https:\/\/i0.wp.com\/karin-rehnqvist.se\/eng\/wp-content\/uploads\/2016\/01\/REHNQVIST-ALL-THOSE-STRINGS_kantele_2.jpg?fit=850%2C455&ssl=1&resize=700%2C400 2x"},"classes":[]},{"id":1040,"url":"https:\/\/karin-rehnqvist.se\/eng\/programme-notes\/","url_meta":{"origin":2221,"position":3},"title":"Programme notes","author":"admin2","date":"January 27, 2016","format":false,"excerpt":"","rel":"","context":"Similar post","block_context":{"text":"Similar post","link":""},"img":{"alt_text":"","src":"","width":0,"height":0},"classes":[]},{"id":2135,"url":"https:\/\/karin-rehnqvist.se\/eng\/be-pin-posts\/","url_meta":{"origin":2221,"position":4},"title":"Pin Posts","author":"admin2","date":"September 2, 2021","format":false,"excerpt":"[be-booster-favourites]","rel":"","context":"Similar post","block_context":{"text":"Similar post","link":""},"img":{"alt_text":"","src":"","width":0,"height":0},"classes":[]},{"id":3475,"url":"https:\/\/karin-rehnqvist.se\/eng\/photos-2\/","url_meta":{"origin":2221,"position":5},"title":"Photos","author":"admin2","date":"September 23, 2024","format":false,"excerpt":"Hig-resolution photos","rel":"","context":"Similar post","block_context":{"text":"Similar post","link":""},"img":{"alt_text":"","src":"https:\/\/i0.wp.com\/karin-rehnqvist.se\/eng\/wp-content\/uploads\/2024\/09\/nggallery_import\/KarinRehnqvist002_2024-scaled.jpg?fit=1200%2C800&ssl=1&resize=350%2C200","width":350,"height":200,"srcset":"https:\/\/i0.wp.com\/karin-rehnqvist.se\/eng\/wp-content\/uploads\/2024\/09\/nggallery_import\/KarinRehnqvist002_2024-scaled.jpg?fit=1200%2C800&ssl=1&resize=350%2C200 1x, https:\/\/i0.wp.com\/karin-rehnqvist.se\/eng\/wp-content\/uploads\/2024\/09\/nggallery_import\/KarinRehnqvist002_2024-scaled.jpg?fit=1200%2C800&ssl=1&resize=525%2C300 1.5x, https:\/\/i0.wp.com\/karin-rehnqvist.se\/eng\/wp-content\/uploads\/2024\/09\/nggallery_import\/KarinRehnqvist002_2024-scaled.jpg?fit=1200%2C800&ssl=1&resize=700%2C400 2x, https:\/\/i0.wp.com\/karin-rehnqvist.se\/eng\/wp-content\/uploads\/2024\/09\/nggallery_import\/KarinRehnqvist002_2024-scaled.jpg?fit=1200%2C800&ssl=1&resize=1050%2C600 3x"},"classes":[]}],"_links":{"self":[{"href":"https:\/\/karin-rehnqvist.se\/eng\/wp-json\/wp\/v2\/pages\/2221","targetHints":{"allow":["GET"]}}],"collection":[{"href":"https:\/\/karin-rehnqvist.se\/eng\/wp-json\/wp\/v2\/pages"}],"about":[{"href":"https:\/\/karin-rehnqvist.se\/eng\/wp-json\/wp\/v2\/types\/page"}],"author":[{"embeddable":true,"href":"https:\/\/karin-rehnqvist.se\/eng\/wp-json\/wp\/v2\/users\/1"}],"replies":[{"embeddable":true,"href":"https:\/\/karin-rehnqvist.se\/eng\/wp-json\/wp\/v2\/comments?post=2221"}],"version-history":[{"count":5,"href":"https:\/\/karin-rehnqvist.se\/eng\/wp-json\/wp\/v2\/pages\/2221\/revisions"}],"predecessor-version":[{"id":2244,"href":"https:\/\/karin-rehnqvist.se\/eng\/wp-json\/wp\/v2\/pages\/2221\/revisions\/2244"}],"wp:attachment":[{"href":"https:\/\/karin-rehnqvist.se\/eng\/wp-json\/wp\/v2\/media?parent=2221"}],"curies":[{"name":"wp","href":"https:\/\/api.w.org\/{rel}","templated":true}]}}