{"id":2154,"date":"2021-09-05T16:55:47","date_gmt":"2021-09-05T15:55:47","guid":{"rendered":"https:\/\/karin-rehnqvist.se\/eng\/?page_id=2154"},"modified":"2021-09-05T17:20:47","modified_gmt":"2021-09-05T16:20:47","slug":"autumn-2021","status":"publish","type":"page","link":"https:\/\/karin-rehnqvist.se\/eng\/autumn-2021\/","title":{"rendered":"Autumn 2021"},"content":{"rendered":"\n<p><strong>24 September 2021&nbsp;<\/strong><\/p>\n\n\n\n<p><strong>As long as the moon shall rise<\/strong>&nbsp;| PREMIERE<\/p>\n\n\n\n<p>Kvindelige Studenters Sangforening, Oslo<br>Conductor:&nbsp;Marit T\u00f8ndel Bodsberg Weyde<br>Anniversary Concert 70 years<br>Universitetsaulan, Oslo, 7 pm<\/p>\n\n\n\n<p><a rel=\"noreferrer noopener\" href=\"http:\/\/www.kvindesang.no\/konsertkalender\" target=\"_blank\">More info<\/a>&nbsp;\u203a<\/p>\n\n\n\n<hr class=\"wp-block-separator has-text-color has-background has-luminous-vivid-amber-background-color has-luminous-vivid-amber-color\"\/>\n\n\n\n<p><br><strong>24-26 September 2021<\/strong><\/p>\n\n\n\n<p><strong>Chor.com Hannover&nbsp;<\/strong><\/p>\n\n\n\n<p><strong>24\/9<\/strong>&nbsp; 14:30 \u2013 16:00:&nbsp;<\/p>\n\n\n\n<p><strong>Workshop<\/strong>: Neue Chormusik von Karin Rehnqvist\/ New choir music by Karin Rehnqvist<\/p>\n\n\n\n<p>Eric Ericson Chamber Choir, concert 16.30 och 19.30:&nbsp;<strong>Davids nimm<\/strong><\/p>\n\n\n\n<p><strong>25\/9<\/strong>&nbsp; 9:00 \u2013 10:30 and 11:30 \u2013 13:00:<\/p>\n\n\n\n<p><strong>Voice-Lab,<\/strong>&nbsp;for young composer students<\/p>\n\n\n\n<p><strong>25\/9<\/strong>&nbsp; 17:00 \u2013 18:30&nbsp;<\/p>\n\n\n\n<p><strong>Workshop<\/strong>: How to compose for choir<\/p>\n\n\n\n<p><strong>26\/9<\/strong><\/p>\n\n\n\n<p>Concert, Zeitlupe:&nbsp;<strong>Davids nimm<\/strong><\/p>\n\n\n\n<p>Nadja Senatskaya \u2013 soprano<br>Marianne Knoblauch \u2013 soprano<br>Maria R\u00fcssel \u2013 mezzo soprano<br>Christuskirche Hannover, 7 pm<\/p>\n\n\n\n<p><a rel=\"noreferrer noopener\" href=\"https:\/\/chor.com\" target=\"_blank\">More info<\/a>\u00a0\u203a<\/p>\n\n\n\n<hr class=\"wp-block-separator has-text-color has-background has-luminous-vivid-amber-background-color has-luminous-vivid-amber-color\"\/>\n\n\n\n<p><strong>October 2021<\/strong><\/p>\n\n\n\n<div class=\"wp-block-image\"><figure class=\"alignright\"><img data-recalc-dims=\"1\" height=\"275\" width=\"300\" decoding=\"async\" src=\"https:\/\/i0.wp.com\/karin-rehnqvist.se\/wp-content\/uploads\/musik-i-natten_del-300x275.jpg?resize=300%2C275&#038;ssl=1\" alt=\"\" class=\"wp-image-2355\"\/><\/figure><\/div>\n\n\n\n<p><strong>Night Chan<\/strong>t (<strong>Musik I natten<\/strong>)<br>Norrbotten NEO<br>Rei Munakata, conductor&nbsp;<\/p>\n\n\n\n<p><strong>12\/10<\/strong>&nbsp;<br>Lule\u00e5&nbsp;| PREMIERE<br>Kulturens hus, Stora salen, 7 pm<\/p>\n\n\n\n<p><strong>13\/10<\/strong>&nbsp;<br>Pite\u00e5<br>Studio Acusticum, 7 pm<\/p>\n\n\n\n<p><strong>15\/10&nbsp;<\/strong><br>Gr\u00fcnewaldsalen, Stockholms konserthus, 8.30 pm<\/p>\n\n\n\n<p><strong>17\/10<\/strong>&nbsp;<br>\u00d6stersund<br>Gamla teatern, 4 pm<\/p>\n\n\n\n<p><strong>19\/10&nbsp;<\/strong><br>Ume\u00e5<br>NorrlandsOperan, Konsertsalen, 7 pm<\/p>\n\n\n\n<hr class=\"wp-block-separator has-text-color has-background has-luminous-vivid-amber-background-color has-luminous-vivid-amber-color\"\/>\n\n\n\n<p><strong>23 October 2021<\/strong><\/p>\n\n\n\n<p><strong>All those strings!<\/strong> (<strong>Alla dessa str\u00e4ngar!<\/strong>)<br>for harp and string quartet<br>Laura Stephenson, harp<br>KammarensembleN<br>Stenhammarsalen, G\u00f6teborgs Konserthus, 7 pm<\/p>\n\n\n\n<p><a rel=\"noreferrer noopener\" href=\"https:\/\/www.gso.se\/program\/konserter\/pionjar-kammarensemblen\/2021-10-23-19:00\/\" target=\"_blank\">More info&nbsp;<\/a>\u203a<\/p>\n\n\n\n<hr class=\"wp-block-separator has-text-color has-background has-luminous-vivid-amber-background-color has-luminous-vivid-amber-color\"\/>\n\n\n\n<p><strong>30 October<\/strong>&nbsp;<strong>2021<\/strong><\/p>\n\n\n\n<p><strong>Le Chant 1 och 2<\/strong>, Canon \u00e0 douze voix | FIRST PERFORMANCE IN SWEDEN<br>Lyrics: Eug\u00e8ne Guillevic<\/p>\n\n\n\n<p>Anniversary Concert \u2013 Rilkeensemblen, 40 years<br>Gunnar Eriksson, conductor<br>Betlehemskyrkan G\u00f6teborg, 6 pm<\/p>\n\n\n\n<p><a href=\"https:\/\/karin-rehnqvist.se\/eng\/le-chant-delayed-swedish-premiere\/\" target=\"_blank\" rel=\"noreferrer noopener\">More info<\/a> \u203a<\/p>\n\n\n\n<hr class=\"wp-block-separator has-text-color has-background has-vivid-red-background-color has-vivid-red-color\"\/>\n\n\n\n<p><br><br><strong>29 January 2022<\/strong><\/p>\n\n\n\n<p><strong>Silent Earth<\/strong>&nbsp;| PREMIERE<br><em>1. Silent Earth<br>2. We, Who Once Were<br>3. The Burning Earth<\/em><\/p>\n\n\n\n<p>Lyrics: Kerstin Perski<br>Netherland Radio Choir, Netherland Philharmonic Orchestra<br>Conductor: Dima Slobodeniouk<br>Concertgebouw, Amsterdam, 2.15 pm<\/p>\n\n\n\n<p><em>Co-commissioned with Concertgebouw and Swedish Radio Symphony Orchestra<\/em><\/p>\n\n\n\n<p><a rel=\"noreferrer noopener\" href=\"https:\/\/www.concertgebouw.nl\/en\/concerts-tickets\/van=2022-01-29\" target=\"_blank\">More info<\/a>&nbsp;\u203a<\/p>\n","protected":false},"excerpt":{"rendered":"<p>24 September 2021&nbsp; As long as the moon shall rise&nbsp;| PREMIERE Kvindelige Studenters Sangforening, OsloConductor:&nbsp;Marit T\u00f8ndel Bodsberg WeydeAnniversary Concert 70 yearsUniversitetsaulan, Oslo, 7 <\/p>\n","protected":false},"author":1,"featured_media":0,"parent":0,"menu_order":0,"comment_status":"closed","ping_status":"closed","template":"","meta":{"ngg_post_thumbnail":0,"jetpack_post_was_ever_published":false,"footnotes":""},"class_list":["post-2154","page","type-page","status-publish","hentry"],"jetpack_sharing_enabled":true,"jetpack_shortlink":"https:\/\/wp.me\/P79arM-yK","jetpack-related-posts":[{"id":1474,"url":"https:\/\/karin-rehnqvist.se\/eng\/autumn-2017\/","url_meta":{"origin":2154,"position":0},"title":"Autumn 2017","author":"admin2","date":"September 16, 2017","format":false,"excerpt":"2 September 2017 The Riddle Kronos Quartet Drama Centre Theatre, Singapore, 9:00 PM Presenter:\u00a0Singapore International Festival of Arts 10 September 2017 S\u00e5 g\u00e5r en dag\/Thus goes a day, for solo voice Runa Hestad Jenssen, soprano 11 September 2017 Sleep now Trio Ek\/ Janson\/ Svensdotter \u2013 Helena Ek. song, Peter Janson,\u2026","rel":"","context":"Similar post","block_context":{"text":"Similar post","link":""},"img":{"alt_text":"","src":"https:\/\/i0.wp.com\/karin-rehnqvist.se\/eng\/wp-content\/uploads\/2017\/09\/KR_bakgrund_orangenoter3.jpg?fit=1200%2C562&ssl=1&resize=350%2C200","width":350,"height":200,"srcset":"https:\/\/i0.wp.com\/karin-rehnqvist.se\/eng\/wp-content\/uploads\/2017\/09\/KR_bakgrund_orangenoter3.jpg?fit=1200%2C562&ssl=1&resize=350%2C200 1x, https:\/\/i0.wp.com\/karin-rehnqvist.se\/eng\/wp-content\/uploads\/2017\/09\/KR_bakgrund_orangenoter3.jpg?fit=1200%2C562&ssl=1&resize=525%2C300 1.5x, https:\/\/i0.wp.com\/karin-rehnqvist.se\/eng\/wp-content\/uploads\/2017\/09\/KR_bakgrund_orangenoter3.jpg?fit=1200%2C562&ssl=1&resize=700%2C400 2x, https:\/\/i0.wp.com\/karin-rehnqvist.se\/eng\/wp-content\/uploads\/2017\/09\/KR_bakgrund_orangenoter3.jpg?fit=1200%2C562&ssl=1&resize=1050%2C600 3x"},"classes":[]},{"id":2806,"url":"https:\/\/karin-rehnqvist.se\/eng\/autumn-2023\/","url_meta":{"origin":2154,"position":1},"title":"Autumn 2023","author":"admin2","date":"November 17, 2023","format":false,"excerpt":"10 September 2023The RiddleMalva Quartet Ny Musik I S\u00f6rmland, Dr\u00f6mfabriken, Stallarholmen, Sweden, 4 pm 13 September 2023Course\/seminar for young composers: Landesakademie Ochsenhausen, Germany, September 9\u201314.Universe \u2013 premiere 1\u00a0Orpheus Vokalensemble. Cond. MIchael AlberOchsenhausen, Baden-W\u00fcrttemberg 28 September 2023S\u00e5 g\u00e5r en dag ur Sols\u00e5ngen\/ Sun Song,\u00a0Ljusf\u00e4lten\/ Fields of lightG\u00f6teborg Wind Orchestra, Lena Willemark.\u2026","rel":"","context":"Similar post","block_context":{"text":"Similar post","link":""},"img":{"alt_text":"","src":"https:\/\/i0.wp.com\/karin-rehnqvist.se\/eng\/wp-content\/uploads\/2023\/11\/host_soluppgang.jpg?fit=1200%2C634&ssl=1&resize=350%2C200","width":350,"height":200,"srcset":"https:\/\/i0.wp.com\/karin-rehnqvist.se\/eng\/wp-content\/uploads\/2023\/11\/host_soluppgang.jpg?fit=1200%2C634&ssl=1&resize=350%2C200 1x, https:\/\/i0.wp.com\/karin-rehnqvist.se\/eng\/wp-content\/uploads\/2023\/11\/host_soluppgang.jpg?fit=1200%2C634&ssl=1&resize=525%2C300 1.5x, https:\/\/i0.wp.com\/karin-rehnqvist.se\/eng\/wp-content\/uploads\/2023\/11\/host_soluppgang.jpg?fit=1200%2C634&ssl=1&resize=700%2C400 2x, https:\/\/i0.wp.com\/karin-rehnqvist.se\/eng\/wp-content\/uploads\/2023\/11\/host_soluppgang.jpg?fit=1200%2C634&ssl=1&resize=1050%2C600 3x"},"classes":[]},{"id":1905,"url":"https:\/\/karin-rehnqvist.se\/eng\/autumn-2019\/","url_meta":{"origin":2154,"position":2},"title":"Autumn 2019","author":"admin2","date":"September 13, 2019","format":false,"excerpt":"1 September 2019 Opening konsert for \u00d8stfold Kammerfest, Gressvik, Fredrikstad, NorwayTimpanum songs \u2013 Herding calls\/Puks\u00e5nger \u2013 lockrop Berit Norbakken Solset, Ulrika Bod\u00e9n, voices, Rune Halvorsen, timpanumBibliotekets aula, Fredrikstad, 7 pm 4 October 2019 The Riddle\/ G\u00e5tan, for string quartet MalvaKvartetten (Linnea H\u00e4llqvist - violin, Knapp Brita Pettersson - violin, Maria\u2026","rel":"","context":"Similar post","block_context":{"text":"Similar post","link":""},"img":{"alt_text":"","src":"","width":0,"height":0},"classes":[]},{"id":1670,"url":"https:\/\/karin-rehnqvist.se\/eng\/autumn-2018\/","url_meta":{"origin":2154,"position":3},"title":"Autumn 2018","author":"admin2","date":"October 13, 2018","format":false,"excerpt":"10 August, 2018 Day is here! \u2013 for eight voices and strings \u2013 Premiere Musica Vitae, Vokalharmonin, cond. Fredrik Malmberg V\u00e4stervik Chamber Music Festival Listen \u203a 29 September, 2018 Haya!:\u00a0song to the joy of day for mixed double choir a cappella F\u00f6reningen Svenska Tons\u00e4ttare\/ Swedish Society of Composers, 100 years\u2026","rel":"","context":"Similar post","block_context":{"text":"Similar post","link":""},"img":{"alt_text":"","src":"https:\/\/i0.wp.com\/karin-rehnqvist.se\/eng\/wp-content\/uploads\/2018\/10\/KR_biografi.png?resize=350%2C200","width":350,"height":200},"classes":[]}],"_links":{"self":[{"href":"https:\/\/karin-rehnqvist.se\/eng\/wp-json\/wp\/v2\/pages\/2154","targetHints":{"allow":["GET"]}}],"collection":[{"href":"https:\/\/karin-rehnqvist.se\/eng\/wp-json\/wp\/v2\/pages"}],"about":[{"href":"https:\/\/karin-rehnqvist.se\/eng\/wp-json\/wp\/v2\/types\/page"}],"author":[{"embeddable":true,"href":"https:\/\/karin-rehnqvist.se\/eng\/wp-json\/wp\/v2\/users\/1"}],"replies":[{"embeddable":true,"href":"https:\/\/karin-rehnqvist.se\/eng\/wp-json\/wp\/v2\/comments?post=2154"}],"version-history":[{"count":7,"href":"https:\/\/karin-rehnqvist.se\/eng\/wp-json\/wp\/v2\/pages\/2154\/revisions"}],"predecessor-version":[{"id":2165,"href":"https:\/\/karin-rehnqvist.se\/eng\/wp-json\/wp\/v2\/pages\/2154\/revisions\/2165"}],"wp:attachment":[{"href":"https:\/\/karin-rehnqvist.se\/eng\/wp-json\/wp\/v2\/media?parent=2154"}],"curies":[{"name":"wp","href":"https:\/\/api.w.org\/{rel}","templated":true}]}}

<p><strong>24 September 2021&nbsp;</strong></p>



<p><strong>As long as the moon shall rise</strong>&nbsp;| PREMIERE</p>



<p>Kvindelige Studenters Sangforening, Oslo<br>Conductor:&nbsp;Marit Tøndel Bodsberg Weyde<br>Anniversary Concert 70 years<br>Universitetsaulan, Oslo, 7 pm</p>



<p><a rel="noreferrer noopener" href="http://www.kvindesang.no/konsertkalender" target="_blank">More info</a>&nbsp;›</p>



<hr class="wp-block-separator has-text-color has-background has-luminous-vivid-amber-background-color has-luminous-vivid-amber-color"/>



<p><br><strong>24-26 September 2021</strong></p>



<p><strong>Chor.com Hannover&nbsp;</strong></p>



<p><strong>24/9</strong>&nbsp; 14:30 – 16:00:&nbsp;</p>



<p><strong>Workshop</strong>: Neue Chormusik von Karin Rehnqvist/ New choir music by Karin Rehnqvist</p>



<p>Eric Ericson Chamber Choir, concert 16.30 och 19.30:&nbsp;<strong>Davids nimm</strong></p>



<p><strong>25/9</strong>&nbsp; 9:00 – 10:30 and 11:30 – 13:00:</p>



<p><strong>Voice-Lab,</strong>&nbsp;for young composer students</p>



<p><strong>25/9</strong>&nbsp; 17:00 – 18:30&nbsp;</p>



<p><strong>Workshop</strong>: How to compose for choir</p>



<p><strong>26/9</strong></p>



<p>Concert, Zeitlupe:&nbsp;<strong>Davids nimm</strong></p>



<p>Nadja Senatskaya – soprano<br>Marianne Knoblauch – soprano<br>Maria Rüssel – mezzo soprano<br>Christuskirche Hannover, 7 pm</p>



<p><a rel="noreferrer noopener" href="https://chor.com" target="_blank">More info</a> ›</p>



<hr class="wp-block-separator has-text-color has-background has-luminous-vivid-amber-background-color has-luminous-vivid-amber-color"/>



<p><strong>October 2021</strong></p>



<div class="wp-block-image"><figure class="alignright"><img data-recalc-dims="1" height="275" width="300" decoding="async" src="https://i0.wp.com/karin-rehnqvist.se/wp-content/uploads/musik-i-natten_del-300x275.jpg?resize=300%2C275&#038;ssl=1" alt="" class="wp-image-2355"/></figure></div>



<p><strong>Night Chan</strong>t (<strong>Musik I natten</strong>)<br>Norrbotten NEO<br>Rei Munakata, conductor&nbsp;</p>



<p><strong>12/10</strong>&nbsp;<br>Luleå&nbsp;| PREMIERE<br>Kulturens hus, Stora salen, 7 pm</p>



<p><strong>13/10</strong>&nbsp;<br>Piteå<br>Studio Acusticum, 7 pm</p>



<p><strong>15/10&nbsp;</strong><br>Grünewaldsalen, Stockholms konserthus, 8.30 pm</p>



<p><strong>17/10</strong>&nbsp;<br>Östersund<br>Gamla teatern, 4 pm</p>



<p><strong>19/10&nbsp;</strong><br>Umeå<br>NorrlandsOperan, Konsertsalen, 7 pm</p>



<hr class="wp-block-separator has-text-color has-background has-luminous-vivid-amber-background-color has-luminous-vivid-amber-color"/>



<p><strong>23 October 2021</strong></p>



<p><strong>All those strings!</strong> (<strong>Alla dessa strängar!</strong>)<br>for harp and string quartet<br>Laura Stephenson, harp<br>KammarensembleN<br>Stenhammarsalen, Göteborgs Konserthus, 7 pm</p>



<p><a rel="noreferrer noopener" href="https://www.gso.se/program/konserter/pionjar-kammarensemblen/2021-10-23-19:00/" target="_blank">More info&nbsp;</a>›</p>



<hr class="wp-block-separator has-text-color has-background has-luminous-vivid-amber-background-color has-luminous-vivid-amber-color"/>



<p><strong>30 October</strong>&nbsp;<strong>2021</strong></p>



<p><strong>Le Chant 1 och 2</strong>, Canon à douze voix | FIRST PERFORMANCE IN SWEDEN<br>Lyrics: Eugène Guillevic</p>



<p>Anniversary Concert – Rilkeensemblen, 40 years<br>Gunnar Eriksson, conductor<br>Betlehemskyrkan Göteborg, 6 pm</p>



<p><a href="https://karin-rehnqvist.se/eng/le-chant-delayed-swedish-premiere/" target="_blank" rel="noreferrer noopener">More info</a> ›</p>



<hr class="wp-block-separator has-text-color has-background has-vivid-red-background-color has-vivid-red-color"/>



<p><br><br><strong>29 January 2022</strong></p>



<p><strong>Silent Earth</strong>&nbsp;| PREMIERE<br><em>1. Silent Earth<br>2. We, Who Once Were<br>3. The Burning Earth</em></p>



<p>Lyrics: Kerstin Perski<br>Netherland Radio Choir, Netherland Philharmonic Orchestra<br>Conductor: Dima Slobodeniouk<br>Concertgebouw, Amsterdam, 2.15 pm</p>



<p><em>Co-commissioned with Concertgebouw and Swedish Radio Symphony Orchestra</em></p>



<p><a rel="noreferrer noopener" href="https://www.concertgebouw.nl/en/concerts-tickets/van=2022-01-29" target="_blank">More info</a>&nbsp;›</p>

<p>24 September 2021&nbsp; As long as the moon shall rise&nbsp;| PREMIERE Kvindelige Studenters Sangforening, OsloConductor:&nbsp;Marit Tøndel Bodsberg WeydeAnniversary Concert 70 yearsUniversitetsaulan, Oslo, 7 </p>

2 September 2017 The Riddle Kronos Quartet Drama Centre Theatre, Singapore, 9:00 PM Presenter: Singapore International Festival of Arts 10 September 2017 Så går en dag/Thus goes a day, for solo voice Runa Hestad Jenssen, soprano 11 September 2017 Sleep now Trio Ek/ Janson/ Svensdotter – Helena Ek. song, Peter Janson,…

10 September 2023The RiddleMalva Quartet Ny Musik I Sörmland, Drömfabriken, Stallarholmen, Sweden, 4 pm 13 September 2023Course/seminar for young composers: Landesakademie Ochsenhausen, Germany, September 9–14.Universe – premiere 1 Orpheus Vokalensemble. Cond. MIchael AlberOchsenhausen, Baden-Württemberg 28 September 2023Så går en dag ur Solsången/ Sun Song, Ljusfälten/ Fields of lightGöteborg Wind Orchestra, Lena Willemark.…

1 September 2019 Opening konsert for Østfold Kammerfest, Gressvik, Fredrikstad, NorwayTimpanum songs – Herding calls/Puksånger – lockrop Berit Norbakken Solset, Ulrika Bodén, voices, Rune Halvorsen, timpanumBibliotekets aula, Fredrikstad, 7 pm 4 October 2019 The Riddle/ Gåtan, for string quartet MalvaKvartetten (Linnea Hällqvist - violin, Knapp Brita Pettersson - violin, Maria…

10 August, 2018 Day is here! – for eight voices and strings – Premiere Musica Vitae, Vokalharmonin, cond. Fredrik Malmberg Västervik Chamber Music Festival Listen › 29 September, 2018 Haya!: song to the joy of day for mixed double choir a cappella Föreningen Svenska Tonsättare/ Swedish Society of Composers, 100 years…
