{"id":1905,"date":"2019-09-13T14:43:57","date_gmt":"2019-09-13T13:43:57","guid":{"rendered":"https:\/\/karin-rehnqvist.se\/eng\/?page_id=1905"},"modified":"2019-09-13T14:44:00","modified_gmt":"2019-09-13T13:44:00","slug":"autumn-2019","status":"publish","type":"page","link":"https:\/\/karin-rehnqvist.se\/eng\/autumn-2019\/","title":{"rendered":"Autumn 2019"},"content":{"rendered":"\n<p><br><strong>1 September 2019<\/strong><\/p>\n\n\n\n<p>Opening konsert for \u00d8stfold Kammerfest, Gressvik, Fredrikstad, Norway<br><strong>Timpanum songs \u2013 Herding calls<\/strong>\/Puks\u00e5nger \u2013 lockrop<\/p>\n\n\n\n<p>Berit Norbakken Solset, Ulrika Bod\u00e9n, voices, Rune Halvorsen, timpanum<br>Bibliotekets aula, Fredrikstad, 7 pm<br><\/p>\n\n\n\n<hr class=\"wp-block-separator\"\/>\n\n\n\n<p><strong>4 October 2019<\/strong><\/p>\n\n\n\n<p><strong>The Riddle<\/strong>\/ G\u00e5tan, for string quartet<\/p>\n\n\n\n<p>MalvaKvartetten (Linnea H\u00e4llqvist &#8211; violin, Knapp Brita Pettersson &#8211; violin, Maria Jonsson &#8211; viola, Maja Molander &#8211; cello)<\/p>\n\n\n\n<p>Stockholm Concert Hall, Gr\u00fcnewaldsalen, 8.30 p,<\/p>\n\n\n\n<hr class=\"wp-block-separator\"\/>\n\n\n\n<p><strong>16 November 2019<\/strong><\/p>\n\n\n\n<p><strong>Songs from the Earth<\/strong>\/S\u00e5nger ur jorden<\/p>\n\n\n\n<p>The Nazareth College Women\u2019s Choir, Brian Stevens, dir.<br>Beston Hall, Glazer Music Performance Center, Rochester, USA, 4 pm<\/p>\n\n\n\n<hr class=\"wp-block-separator\"\/>\n\n\n\n<p><\/p>\n\n\n\n<p><\/p>\n\n\n\n<p><br><\/p>\n","protected":false},"excerpt":{"rendered":"<p>1 September 2019 Opening konsert for \u00d8stfold Kammerfest, Gressvik, Fredrikstad, NorwayTimpanum songs \u2013 Herding calls\/Puks\u00e5nger \u2013 lockrop Berit Norbakken Solset, Ulrika Bod\u00e9n, voices, <\/p>\n","protected":false},"author":1,"featured_media":0,"parent":0,"menu_order":0,"comment_status":"closed","ping_status":"closed","template":"","meta":{"ngg_post_thumbnail":0,"jetpack_post_was_ever_published":false,"footnotes":""},"class_list":["post-1905","page","type-page","status-publish","hentry"],"jetpack_sharing_enabled":true,"jetpack_shortlink":"https:\/\/wp.me\/P79arM-uJ","jetpack-related-posts":[{"id":1474,"url":"https:\/\/karin-rehnqvist.se\/eng\/autumn-2017\/","url_meta":{"origin":1905,"position":0},"title":"Autumn 2017","author":"admin2","date":"September 16, 2017","format":false,"excerpt":"2 September 2017 The Riddle Kronos Quartet Drama Centre Theatre, Singapore, 9:00 PM Presenter:\u00a0Singapore International Festival of Arts 10 September 2017 S\u00e5 g\u00e5r en dag\/Thus goes a day, for solo voice Runa Hestad Jenssen, soprano 11 September 2017 Sleep now Trio Ek\/ Janson\/ Svensdotter \u2013 Helena Ek. song, Peter Janson,\u2026","rel":"","context":"Similar post","block_context":{"text":"Similar post","link":""},"img":{"alt_text":"","src":"https:\/\/i0.wp.com\/karin-rehnqvist.se\/eng\/wp-content\/uploads\/2017\/09\/KR_bakgrund_orangenoter3.jpg?fit=1200%2C562&ssl=1&resize=350%2C200","width":350,"height":200,"srcset":"https:\/\/i0.wp.com\/karin-rehnqvist.se\/eng\/wp-content\/uploads\/2017\/09\/KR_bakgrund_orangenoter3.jpg?fit=1200%2C562&ssl=1&resize=350%2C200 1x, https:\/\/i0.wp.com\/karin-rehnqvist.se\/eng\/wp-content\/uploads\/2017\/09\/KR_bakgrund_orangenoter3.jpg?fit=1200%2C562&ssl=1&resize=525%2C300 1.5x, https:\/\/i0.wp.com\/karin-rehnqvist.se\/eng\/wp-content\/uploads\/2017\/09\/KR_bakgrund_orangenoter3.jpg?fit=1200%2C562&ssl=1&resize=700%2C400 2x, https:\/\/i0.wp.com\/karin-rehnqvist.se\/eng\/wp-content\/uploads\/2017\/09\/KR_bakgrund_orangenoter3.jpg?fit=1200%2C562&ssl=1&resize=1050%2C600 3x"},"classes":[]},{"id":1048,"url":"https:\/\/karin-rehnqvist.se\/eng\/highlights\/","url_meta":{"origin":1905,"position":1},"title":"Highlights","author":"admin2","date":"January 27, 2016","format":false,"excerpt":"Performances 2024 The Dream\u00a0\u2013\u00a0World premiere Unni L\u00f8vlid, alt, Marianne Baudouin Lie, cello Krematoriet, Stockholm Jag blir s\u00e5 arg\/ It Makes Me Mad \u2013 World premiere The Choir Kvinten from Nacka Music School, Magnus Sk\u00f6ld, piano Sara Pucek, conductor Royal College of Music, Stockholm Min dr\u00f6ms\u00e5ng\/My Dreamsong - World premiere Choir\u2026","rel":"","context":"Similar post","block_context":{"text":"Similar post","link":""},"img":{"alt_text":"","src":"https:\/\/i0.wp.com\/karin-rehnqvist.se\/eng\/wp-content\/uploads\/2016\/01\/higlights2.jpg?fit=1020%2C412&ssl=1&resize=350%2C200","width":350,"height":200,"srcset":"https:\/\/i0.wp.com\/karin-rehnqvist.se\/eng\/wp-content\/uploads\/2016\/01\/higlights2.jpg?fit=1020%2C412&ssl=1&resize=350%2C200 1x, https:\/\/i0.wp.com\/karin-rehnqvist.se\/eng\/wp-content\/uploads\/2016\/01\/higlights2.jpg?fit=1020%2C412&ssl=1&resize=525%2C300 1.5x, https:\/\/i0.wp.com\/karin-rehnqvist.se\/eng\/wp-content\/uploads\/2016\/01\/higlights2.jpg?fit=1020%2C412&ssl=1&resize=700%2C400 2x"},"classes":[]},{"id":1354,"url":"https:\/\/karin-rehnqvist.se\/eng\/spring-2017\/","url_meta":{"origin":1905,"position":2},"title":"Spring 2017","author":"admin2","date":"December 8, 2016","format":false,"excerpt":"21 January\u00a02017 Nio n\u00e4tter\/ Nine nights\u00a0\u2013\u00a0Premiere Text: Ger\u2202ur Kristn\u00fd Lena Willemark, ensemble recherche Festival Ultraschall, Berlin More on the festival's web page \u203a 26 January\u00a02017 Inauguration of the the new campus of Royal College of Music, Stockholm H\u00e4r \u00e4r musiken!\/ Here's the music! \u00a0\u2013 a\u00a0happening from\u00a0the\u00a0foyer to the\u00a0concert hall\u00a0\u2013 Premiere\u2026","rel":"","context":"Similar post","block_context":{"text":"Similar post","link":""},"img":{"alt_text":"","src":"https:\/\/i0.wp.com\/karin-rehnqvist.se\/eng\/wp-content\/uploads\/2016\/12\/noterpappersbakgr1.jpg?fit=1200%2C617&ssl=1&resize=350%2C200","width":350,"height":200,"srcset":"https:\/\/i0.wp.com\/karin-rehnqvist.se\/eng\/wp-content\/uploads\/2016\/12\/noterpappersbakgr1.jpg?fit=1200%2C617&ssl=1&resize=350%2C200 1x, https:\/\/i0.wp.com\/karin-rehnqvist.se\/eng\/wp-content\/uploads\/2016\/12\/noterpappersbakgr1.jpg?fit=1200%2C617&ssl=1&resize=525%2C300 1.5x, https:\/\/i0.wp.com\/karin-rehnqvist.se\/eng\/wp-content\/uploads\/2016\/12\/noterpappersbakgr1.jpg?fit=1200%2C617&ssl=1&resize=700%2C400 2x, https:\/\/i0.wp.com\/karin-rehnqvist.se\/eng\/wp-content\/uploads\/2016\/12\/noterpappersbakgr1.jpg?fit=1200%2C617&ssl=1&resize=1050%2C600 3x"},"classes":[]},{"id":1670,"url":"https:\/\/karin-rehnqvist.se\/eng\/autumn-2018\/","url_meta":{"origin":1905,"position":3},"title":"Autumn 2018","author":"admin2","date":"October 13, 2018","format":false,"excerpt":"10 August, 2018 Day is here! \u2013 for eight voices and strings \u2013 Premiere Musica Vitae, Vokalharmonin, cond. Fredrik Malmberg V\u00e4stervik Chamber Music Festival Listen \u203a 29 September, 2018 Haya!:\u00a0song to the joy of day for mixed double choir a cappella F\u00f6reningen Svenska Tons\u00e4ttare\/ Swedish Society of Composers, 100 years\u2026","rel":"","context":"Similar post","block_context":{"text":"Similar post","link":""},"img":{"alt_text":"","src":"https:\/\/i0.wp.com\/karin-rehnqvist.se\/eng\/wp-content\/uploads\/2018\/10\/KR_biografi.png?resize=350%2C200","width":350,"height":200},"classes":[]},{"id":1847,"url":"https:\/\/karin-rehnqvist.se\/eng\/spring-2019\/","url_meta":{"origin":1905,"position":4},"title":"Spring 2019","author":"admin2","date":"May 9, 2019","format":false,"excerpt":"18 February 2019 Davids Nimm \u2013 as a balletDans \u2013 as a ballet New Chamber Ballet, \u00a0Ekmeles Vocal EnsembleCity Center Studio 5, 130 West 56th Street, New York, 7.30 p 19 February 2019 Davids Nimm \u2013 as a balletDans \u2013 as a ballet New Chamber Ballet, \u00a0Ekmeles Vocal EnsembleCity Center\u2026","rel":"","context":"Similar post","block_context":{"text":"Similar post","link":""},"img":{"alt_text":"","src":"https:\/\/i0.wp.com\/karin-rehnqvist.se\/eng\/wp-content\/uploads\/2019\/06\/Blodhov_webb2_700x700px_Blodhov_webb_700x700px.png?resize=350%2C200&ssl=1","width":350,"height":200,"srcset":"https:\/\/i0.wp.com\/karin-rehnqvist.se\/eng\/wp-content\/uploads\/2019\/06\/Blodhov_webb2_700x700px_Blodhov_webb_700x700px.png?resize=350%2C200&ssl=1 1x, https:\/\/i0.wp.com\/karin-rehnqvist.se\/eng\/wp-content\/uploads\/2019\/06\/Blodhov_webb2_700x700px_Blodhov_webb_700x700px.png?resize=525%2C300&ssl=1 1.5x, https:\/\/i0.wp.com\/karin-rehnqvist.se\/eng\/wp-content\/uploads\/2019\/06\/Blodhov_webb2_700x700px_Blodhov_webb_700x700px.png?resize=700%2C400&ssl=1 2x"},"classes":[]},{"id":1545,"url":"https:\/\/karin-rehnqvist.se\/eng\/spring-2018\/","url_meta":{"origin":1905,"position":5},"title":"Spring 2018","author":"admin2","date":"February 3, 2018","format":false,"excerpt":"19 January 2018 Arktis Arktis! Nordic Chamber Orchestra,\u00a0Emil Eliasson, cond. Tonhallen Sundsvall, 7:00 pm 31 January 2018 N\u00e4r korpen vitnar\/ When the Raven blanches Sols\u00e5ngen\/ Sun Song Berit Norbakken Solset, soprano,\u00a0Norwegian Arctic Philharmonic Orchestra,\u00a0Tim Weiss, cond. Troms\u00f8 domkirke, Troms\u00f8, 7:30 pm Mer info \u203a 2 February 2018 When I close\u2026","rel":"","context":"Similar post","block_context":{"text":"Similar post","link":""},"img":{"alt_text":"","src":"https:\/\/i0.wp.com\/karin-rehnqvist.se\/eng\/wp-content\/uploads\/2018\/02\/bakgrund_mag-gr%C3%B6nnoter-InOrbit_1700.jpg?fit=1200%2C756&ssl=1&resize=350%2C200","width":350,"height":200,"srcset":"https:\/\/i0.wp.com\/karin-rehnqvist.se\/eng\/wp-content\/uploads\/2018\/02\/bakgrund_mag-gr%C3%B6nnoter-InOrbit_1700.jpg?fit=1200%2C756&ssl=1&resize=350%2C200 1x, https:\/\/i0.wp.com\/karin-rehnqvist.se\/eng\/wp-content\/uploads\/2018\/02\/bakgrund_mag-gr%C3%B6nnoter-InOrbit_1700.jpg?fit=1200%2C756&ssl=1&resize=525%2C300 1.5x, https:\/\/i0.wp.com\/karin-rehnqvist.se\/eng\/wp-content\/uploads\/2018\/02\/bakgrund_mag-gr%C3%B6nnoter-InOrbit_1700.jpg?fit=1200%2C756&ssl=1&resize=700%2C400 2x, https:\/\/i0.wp.com\/karin-rehnqvist.se\/eng\/wp-content\/uploads\/2018\/02\/bakgrund_mag-gr%C3%B6nnoter-InOrbit_1700.jpg?fit=1200%2C756&ssl=1&resize=1050%2C600 3x"},"classes":[]}],"_links":{"self":[{"href":"https:\/\/karin-rehnqvist.se\/eng\/wp-json\/wp\/v2\/pages\/1905","targetHints":{"allow":["GET"]}}],"collection":[{"href":"https:\/\/karin-rehnqvist.se\/eng\/wp-json\/wp\/v2\/pages"}],"about":[{"href":"https:\/\/karin-rehnqvist.se\/eng\/wp-json\/wp\/v2\/types\/page"}],"author":[{"embeddable":true,"href":"https:\/\/karin-rehnqvist.se\/eng\/wp-json\/wp\/v2\/users\/1"}],"replies":[{"embeddable":true,"href":"https:\/\/karin-rehnqvist.se\/eng\/wp-json\/wp\/v2\/comments?post=1905"}],"version-history":[{"count":1,"href":"https:\/\/karin-rehnqvist.se\/eng\/wp-json\/wp\/v2\/pages\/1905\/revisions"}],"predecessor-version":[{"id":1907,"href":"https:\/\/karin-rehnqvist.se\/eng\/wp-json\/wp\/v2\/pages\/1905\/revisions\/1907"}],"wp:attachment":[{"href":"https:\/\/karin-rehnqvist.se\/eng\/wp-json\/wp\/v2\/media?parent=1905"}],"curies":[{"name":"wp","href":"https:\/\/api.w.org\/{rel}","templated":true}]}}

<p><br><strong>1 September 2019</strong></p>



<p>Opening konsert for Østfold Kammerfest, Gressvik, Fredrikstad, Norway<br><strong>Timpanum songs – Herding calls</strong>/Puksånger – lockrop</p>



<p>Berit Norbakken Solset, Ulrika Bodén, voices, Rune Halvorsen, timpanum<br>Bibliotekets aula, Fredrikstad, 7 pm<br></p>



<hr class="wp-block-separator"/>



<p><strong>4 October 2019</strong></p>



<p><strong>The Riddle</strong>/ Gåtan, for string quartet</p>



<p>MalvaKvartetten (Linnea Hällqvist &#8211; violin, Knapp Brita Pettersson &#8211; violin, Maria Jonsson &#8211; viola, Maja Molander &#8211; cello)</p>



<p>Stockholm Concert Hall, Grünewaldsalen, 8.30 p,</p>



<hr class="wp-block-separator"/>



<p><strong>16 November 2019</strong></p>



<p><strong>Songs from the Earth</strong>/Sånger ur jorden</p>



<p>The Nazareth College Women’s Choir, Brian Stevens, dir.<br>Beston Hall, Glazer Music Performance Center, Rochester, USA, 4 pm</p>



<hr class="wp-block-separator"/>



<p></p>



<p></p>



<p><br></p>

<p>1 September 2019 Opening konsert for Østfold Kammerfest, Gressvik, Fredrikstad, NorwayTimpanum songs – Herding calls/Puksånger – lockrop Berit Norbakken Solset, Ulrika Bodén, voices, </p>

2 September 2017 The Riddle Kronos Quartet Drama Centre Theatre, Singapore, 9:00 PM Presenter: Singapore International Festival of Arts 10 September 2017 Så går en dag/Thus goes a day, for solo voice Runa Hestad Jenssen, soprano 11 September 2017 Sleep now Trio Ek/ Janson/ Svensdotter – Helena Ek. song, Peter Janson,…

Performances 2024 The Dream – World premiere Unni Løvlid, alt, Marianne Baudouin Lie, cello Krematoriet, Stockholm Jag blir så arg/ It Makes Me Mad – World premiere The Choir Kvinten from Nacka Music School, Magnus Sköld, piano Sara Pucek, conductor Royal College of Music, Stockholm Min drömsång/My Dreamsong - World premiere Choir…

21 January 2017 Nio nätter/ Nine nights – Premiere Text: Ger∂ur Kristný Lena Willemark, ensemble recherche Festival Ultraschall, Berlin More on the festival's web page › 26 January 2017 Inauguration of the the new campus of Royal College of Music, Stockholm Här är musiken!/ Here's the music!  – a happening from the foyer to the concert hall – Premiere…

10 August, 2018 Day is here! – for eight voices and strings – Premiere Musica Vitae, Vokalharmonin, cond. Fredrik Malmberg Västervik Chamber Music Festival Listen › 29 September, 2018 Haya!: song to the joy of day for mixed double choir a cappella Föreningen Svenska Tonsättare/ Swedish Society of Composers, 100 years…

19 January 2018 Arktis Arktis! Nordic Chamber Orchestra, Emil Eliasson, cond. Tonhallen Sundsvall, 7:00 pm 31 January 2018 När korpen vitnar/ When the Raven blanches Solsången/ Sun Song Berit Norbakken Solset, soprano, Norwegian Arctic Philharmonic Orchestra, Tim Weiss, cond. Tromsø domkirke, Tromsø, 7:30 pm Mer info › 2 February 2018 When I close…
