{"id":1617,"date":"2018-06-07T15:44:39","date_gmt":"2018-06-07T14:44:39","guid":{"rendered":"http:\/\/karin-rehnqvist.se\/eng\/?page_id=1617"},"modified":"2018-06-07T15:44:39","modified_gmt":"2018-06-07T14:44:39","slug":"biography-short-version","status":"publish","type":"page","link":"https:\/\/karin-rehnqvist.se\/eng\/biography-short-version\/","title":{"rendered":"Biography \u2013 short version"},"content":{"rendered":"<p><img data-recalc-dims=\"1\" loading=\"lazy\" decoding=\"async\" data-attachment-id=\"1618\" data-permalink=\"https:\/\/karin-rehnqvist.se\/eng\/biography-short-version\/karin-r-mindre-x0439_popart_2\/\" data-orig-file=\"https:\/\/i0.wp.com\/karin-rehnqvist.se\/eng\/wp-content\/uploads\/2018\/06\/KARIN-R-mindre-X0439_popart_2.jpg?fit=567%2C786&amp;ssl=1\" data-orig-size=\"567,786\" data-comments-opened=\"0\" data-image-meta=\"{&quot;aperture&quot;:&quot;2.8&quot;,&quot;credit&quot;:&quot;&quot;,&quot;camera&quot;:&quot;Canon EOS-1Ds Mark II&quot;,&quot;caption&quot;:&quot;&quot;,&quot;created_timestamp&quot;:&quot;1242987401&quot;,&quot;copyright&quot;:&quot;Foto:Ester Sorri Mobil: 0708-646404&quot;,&quot;focal_length&quot;:&quot;70&quot;,&quot;iso&quot;:&quot;640&quot;,&quot;shutter_speed&quot;:&quot;0.04&quot;,&quot;title&quot;:&quot;&quot;,&quot;orientation&quot;:&quot;1&quot;}\" data-image-title=\"KARIN R mindre X0439_popart_2\" data-image-description=\"\" data-image-caption=\"\" data-large-file=\"https:\/\/i0.wp.com\/karin-rehnqvist.se\/eng\/wp-content\/uploads\/2018\/06\/KARIN-R-mindre-X0439_popart_2.jpg?fit=640%2C640&amp;ssl=1\" class=\"alignright  wp-image-1618\" src=\"https:\/\/i0.wp.com\/karin-rehnqvist.se\/eng\/wp-content\/uploads\/2018\/06\/KARIN-R-mindre-X0439_popart_2-400x400.jpg?resize=330%2C330\" alt=\"\" width=\"330\" height=\"330\" srcset=\"https:\/\/i0.wp.com\/karin-rehnqvist.se\/eng\/wp-content\/uploads\/2018\/06\/KARIN-R-mindre-X0439_popart_2.jpg?resize=400%2C400&amp;ssl=1 400w, https:\/\/i0.wp.com\/karin-rehnqvist.se\/eng\/wp-content\/uploads\/2018\/06\/KARIN-R-mindre-X0439_popart_2.jpg?resize=150%2C150&amp;ssl=1 150w, https:\/\/i0.wp.com\/karin-rehnqvist.se\/eng\/wp-content\/uploads\/2018\/06\/KARIN-R-mindre-X0439_popart_2.jpg?resize=1024%2C1024&amp;ssl=1 1024w, https:\/\/i0.wp.com\/karin-rehnqvist.se\/eng\/wp-content\/uploads\/2018\/06\/KARIN-R-mindre-X0439_popart_2.jpg?resize=70%2C70&amp;ssl=1 70w\" sizes=\"auto, (max-width: 330px) 100vw, 330px\" \/><\/p>\n<p>&nbsp;<\/p>\n<p>&nbsp;<\/p>\n<p>KARIN REHNQVIST (born 1957)&nbsp;is one of Sweden\u2019s best known and most widely performed composers. From chamber music to orchestral, stage and vocal works, she has blazed a unique cross-genre trail, exploring the borderland between art and folk music, and evolving a highly distinctive compositional and performance style.&nbsp;<\/p>\n<p>One of her signature motifs is the extraordinary vocal technique of <em>Kulning<\/em>, the ancient call of Nordic herding girls to drive in their flocks.&nbsp;<\/p>\n<p>A restless innovator, her repertoire is marked by an uncompromising invention, raw emotional power and the icy shock of the new.<\/p>\n<p>&nbsp;<\/p>\n<p>&nbsp;<\/p>\n<p>&nbsp;<\/p>\n","protected":false},"excerpt":{"rendered":"<p>&nbsp; &nbsp; KARIN REHNQVIST (born 1957)&nbsp;is one of Sweden\u2019s best known and most widely performed composers. From chamber music to orchestral, stage and <\/p>\n","protected":false},"author":1,"featured_media":1618,"parent":0,"menu_order":0,"comment_status":"closed","ping_status":"closed","template":"","meta":{"ngg_post_thumbnail":0,"jetpack_post_was_ever_published":false,"footnotes":""},"class_list":["post-1617","page","type-page","status-publish","has-post-thumbnail","hentry"],"jetpack_sharing_enabled":true,"jetpack_shortlink":"https:\/\/wp.me\/P79arM-q5","jetpack-related-posts":[{"id":1042,"url":"https:\/\/karin-rehnqvist.se\/eng\/about-kulning\/","url_meta":{"origin":1617,"position":0},"title":"About &#8216;kulning&#8217;","author":"admin2","date":"January 27, 2016","format":false,"excerpt":"kulning | herding calls An archaic style of singing\/calling used to call\u00a0the\u00a0cows and goats down from high mountain pastures where they have been grazing during the day. 'The song of kulning' has a high-pitched vocal technique, i.e. a loud call using head tones. Kulning \u2013 sound sample\u00a0 sung by Karin\u2026","rel":"","context":"Similar post","block_context":{"text":"Similar post","link":""},"img":{"alt_text":"lagfjalldalarna","src":"https:\/\/i0.wp.com\/karin-rehnqvist.se\/eng\/wp-content\/uploads\/2016\/01\/lagfjalldalarna.jpeg?resize=350%2C200","width":350,"height":200,"srcset":"https:\/\/i0.wp.com\/karin-rehnqvist.se\/eng\/wp-content\/uploads\/2016\/01\/lagfjalldalarna.jpeg?resize=350%2C200 1x, https:\/\/i0.wp.com\/karin-rehnqvist.se\/eng\/wp-content\/uploads\/2016\/01\/lagfjalldalarna.jpeg?resize=525%2C300 1.5x, https:\/\/i0.wp.com\/karin-rehnqvist.se\/eng\/wp-content\/uploads\/2016\/01\/lagfjalldalarna.jpeg?resize=700%2C400 2x"},"classes":[]},{"id":3599,"url":"https:\/\/karin-rehnqvist.se\/eng\/biography\/","url_meta":{"origin":1617,"position":1},"title":"Biography","author":"Johan N\u00e4slund","date":"January 9, 2025","format":false,"excerpt":"Karin Rehnqvist was born in 1957 in Stockholm and grew up in the town of Nybro in southeast Sweden. At the Royal College of Music in Stockholm she studied music education from 1976, and then composition from 1980 to 1984. Her teachers included Gunnar Bucht, P\u00e4r Lindgren and Brian Ferneyhough.\u2026","rel":"","context":"Similar post","block_context":{"text":"Similar post","link":""},"img":{"alt_text":"","src":"https:\/\/i0.wp.com\/karin-rehnqvist.se\/eng\/wp-content\/uploads\/2025\/01\/KarinRehnqvist087_3-1.jpg?resize=350%2C200&ssl=1","width":350,"height":200},"classes":[]},{"id":1847,"url":"https:\/\/karin-rehnqvist.se\/eng\/spring-2019\/","url_meta":{"origin":1617,"position":2},"title":"Spring 2019","author":"admin2","date":"May 9, 2019","format":false,"excerpt":"18 February 2019 Davids Nimm \u2013 as a balletDans \u2013 as a ballet New Chamber Ballet, \u00a0Ekmeles Vocal EnsembleCity Center Studio 5, 130 West 56th Street, New York, 7.30 p 19 February 2019 Davids Nimm \u2013 as a balletDans \u2013 as a ballet New Chamber Ballet, \u00a0Ekmeles Vocal EnsembleCity Center\u2026","rel":"","context":"Similar post","block_context":{"text":"Similar post","link":""},"img":{"alt_text":"","src":"https:\/\/i0.wp.com\/karin-rehnqvist.se\/eng\/wp-content\/uploads\/2019\/06\/Blodhov_webb2_700x700px_Blodhov_webb_700x700px.png?resize=350%2C200&ssl=1","width":350,"height":200,"srcset":"https:\/\/i0.wp.com\/karin-rehnqvist.se\/eng\/wp-content\/uploads\/2019\/06\/Blodhov_webb2_700x700px_Blodhov_webb_700x700px.png?resize=350%2C200&ssl=1 1x, https:\/\/i0.wp.com\/karin-rehnqvist.se\/eng\/wp-content\/uploads\/2019\/06\/Blodhov_webb2_700x700px_Blodhov_webb_700x700px.png?resize=525%2C300&ssl=1 1.5x, https:\/\/i0.wp.com\/karin-rehnqvist.se\/eng\/wp-content\/uploads\/2019\/06\/Blodhov_webb2_700x700px_Blodhov_webb_700x700px.png?resize=700%2C400&ssl=1 2x"},"classes":[]},{"id":1545,"url":"https:\/\/karin-rehnqvist.se\/eng\/spring-2018\/","url_meta":{"origin":1617,"position":3},"title":"Spring 2018","author":"admin2","date":"February 3, 2018","format":false,"excerpt":"19 January 2018 Arktis Arktis! Nordic Chamber Orchestra,\u00a0Emil Eliasson, cond. Tonhallen Sundsvall, 7:00 pm 31 January 2018 N\u00e4r korpen vitnar\/ When the Raven blanches Sols\u00e5ngen\/ Sun Song Berit Norbakken Solset, soprano,\u00a0Norwegian Arctic Philharmonic Orchestra,\u00a0Tim Weiss, cond. Troms\u00f8 domkirke, Troms\u00f8, 7:30 pm Mer info \u203a 2 February 2018 When I close\u2026","rel":"","context":"Similar post","block_context":{"text":"Similar post","link":""},"img":{"alt_text":"","src":"https:\/\/i0.wp.com\/karin-rehnqvist.se\/eng\/wp-content\/uploads\/2018\/02\/bakgrund_mag-gr%C3%B6nnoter-InOrbit_1700.jpg?fit=1200%2C756&ssl=1&resize=350%2C200","width":350,"height":200,"srcset":"https:\/\/i0.wp.com\/karin-rehnqvist.se\/eng\/wp-content\/uploads\/2018\/02\/bakgrund_mag-gr%C3%B6nnoter-InOrbit_1700.jpg?fit=1200%2C756&ssl=1&resize=350%2C200 1x, https:\/\/i0.wp.com\/karin-rehnqvist.se\/eng\/wp-content\/uploads\/2018\/02\/bakgrund_mag-gr%C3%B6nnoter-InOrbit_1700.jpg?fit=1200%2C756&ssl=1&resize=525%2C300 1.5x, https:\/\/i0.wp.com\/karin-rehnqvist.se\/eng\/wp-content\/uploads\/2018\/02\/bakgrund_mag-gr%C3%B6nnoter-InOrbit_1700.jpg?fit=1200%2C756&ssl=1&resize=700%2C400 2x, https:\/\/i0.wp.com\/karin-rehnqvist.se\/eng\/wp-content\/uploads\/2018\/02\/bakgrund_mag-gr%C3%B6nnoter-InOrbit_1700.jpg?fit=1200%2C756&ssl=1&resize=1050%2C600 3x"},"classes":[]},{"id":1354,"url":"https:\/\/karin-rehnqvist.se\/eng\/spring-2017\/","url_meta":{"origin":1617,"position":4},"title":"Spring 2017","author":"admin2","date":"December 8, 2016","format":false,"excerpt":"21 January\u00a02017 Nio n\u00e4tter\/ Nine nights\u00a0\u2013\u00a0Premiere Text: Ger\u2202ur Kristn\u00fd Lena Willemark, ensemble recherche Festival Ultraschall, Berlin More on the festival's web page \u203a 26 January\u00a02017 Inauguration of the the new campus of Royal College of Music, Stockholm H\u00e4r \u00e4r musiken!\/ Here's the music! \u00a0\u2013 a\u00a0happening from\u00a0the\u00a0foyer to the\u00a0concert hall\u00a0\u2013 Premiere\u2026","rel":"","context":"Similar post","block_context":{"text":"Similar post","link":""},"img":{"alt_text":"","src":"https:\/\/i0.wp.com\/karin-rehnqvist.se\/eng\/wp-content\/uploads\/2016\/12\/noterpappersbakgr1.jpg?fit=1200%2C617&ssl=1&resize=350%2C200","width":350,"height":200,"srcset":"https:\/\/i0.wp.com\/karin-rehnqvist.se\/eng\/wp-content\/uploads\/2016\/12\/noterpappersbakgr1.jpg?fit=1200%2C617&ssl=1&resize=350%2C200 1x, https:\/\/i0.wp.com\/karin-rehnqvist.se\/eng\/wp-content\/uploads\/2016\/12\/noterpappersbakgr1.jpg?fit=1200%2C617&ssl=1&resize=525%2C300 1.5x, https:\/\/i0.wp.com\/karin-rehnqvist.se\/eng\/wp-content\/uploads\/2016\/12\/noterpappersbakgr1.jpg?fit=1200%2C617&ssl=1&resize=700%2C400 2x, https:\/\/i0.wp.com\/karin-rehnqvist.se\/eng\/wp-content\/uploads\/2016\/12\/noterpappersbakgr1.jpg?fit=1200%2C617&ssl=1&resize=1050%2C600 3x"},"classes":[]},{"id":3669,"url":"https:\/\/karin-rehnqvist.se\/eng\/my-dreamsong-min-dromsang-2024\/","url_meta":{"origin":1617,"position":5},"title":"MY DREAMSONG (Min dr\u00f6ms\u00e5ng) (2024)","author":"Johan N\u00e4slund","date":"January 29, 2025","format":false,"excerpt":"MY DREAMSONG (Min dr\u00f6ms\u00e5ng) (2024)for children\u2019s choir, C or Bb-instrument and piano. 3'Text: Karin Rehnqvist. English translation by Anna H\u00f6gberg, Sally Beamish, Peter Thompson and Glenn MossopMusic: Karin and the children in Kvinten Choir from Nacka Music SchoolDuration 3 minMy Dreamsong was written for the Singing Children\u2019s Project:New Music for\u2026","rel":"","context":"Similar post","block_context":{"text":"Similar post","link":""},"img":{"alt_text":"","src":"https:\/\/i0.wp.com\/karin-rehnqvist.se\/eng\/wp-content\/uploads\/2021\/09\/programme-note_cirkel_2A.png?fit=576%2C358&ssl=1&resize=350%2C200","width":350,"height":200,"srcset":"https:\/\/i0.wp.com\/karin-rehnqvist.se\/eng\/wp-content\/uploads\/2021\/09\/programme-note_cirkel_2A.png?fit=576%2C358&ssl=1&resize=350%2C200 1x, https:\/\/i0.wp.com\/karin-rehnqvist.se\/eng\/wp-content\/uploads\/2021\/09\/programme-note_cirkel_2A.png?fit=576%2C358&ssl=1&resize=525%2C300 1.5x"},"classes":[]}],"_links":{"self":[{"href":"https:\/\/karin-rehnqvist.se\/eng\/wp-json\/wp\/v2\/pages\/1617","targetHints":{"allow":["GET"]}}],"collection":[{"href":"https:\/\/karin-rehnqvist.se\/eng\/wp-json\/wp\/v2\/pages"}],"about":[{"href":"https:\/\/karin-rehnqvist.se\/eng\/wp-json\/wp\/v2\/types\/page"}],"author":[{"embeddable":true,"href":"https:\/\/karin-rehnqvist.se\/eng\/wp-json\/wp\/v2\/users\/1"}],"replies":[{"embeddable":true,"href":"https:\/\/karin-rehnqvist.se\/eng\/wp-json\/wp\/v2\/comments?post=1617"}],"version-history":[{"count":1,"href":"https:\/\/karin-rehnqvist.se\/eng\/wp-json\/wp\/v2\/pages\/1617\/revisions"}],"predecessor-version":[{"id":1619,"href":"https:\/\/karin-rehnqvist.se\/eng\/wp-json\/wp\/v2\/pages\/1617\/revisions\/1619"}],"wp:featuredmedia":[{"embeddable":true,"href":"https:\/\/karin-rehnqvist.se\/eng\/wp-json\/wp\/v2\/media\/1618"}],"wp:attachment":[{"href":"https:\/\/karin-rehnqvist.se\/eng\/wp-json\/wp\/v2\/media?parent=1617"}],"curies":[{"name":"wp","href":"https:\/\/api.w.org\/{rel}","templated":true}]}}

Johan Näslund

Karin Rehnqvist was born in 1957 in Stockholm and grew up in the town of Nybro in southeast Sweden. At the Royal College of Music in Stockholm she studied music education from 1976, and then composition from 1980 to 1984. Her teachers included Gunnar Bucht, Pär Lindgren and Brian Ferneyhough.…

19 January 2018 Arktis Arktis! Nordic Chamber Orchestra, Emil Eliasson, cond. Tonhallen Sundsvall, 7:00 pm 31 January 2018 När korpen vitnar/ When the Raven blanches Solsången/ Sun Song Berit Norbakken Solset, soprano, Norwegian Arctic Philharmonic Orchestra, Tim Weiss, cond. Tromsø domkirke, Tromsø, 7:30 pm Mer info › 2 February 2018 When I close…

21 January 2017 Nio nätter/ Nine nights – Premiere Text: Ger∂ur Kristný Lena Willemark, ensemble recherche Festival Ultraschall, Berlin More on the festival's web page › 26 January 2017 Inauguration of the the new campus of Royal College of Music, Stockholm Här är musiken!/ Here's the music!  – a happening from the foyer to the concert hall – Premiere…

MY DREAMSONG (Min drömsång) (2024)

MY DREAMSONG (Min drömsång) (2024)for children’s choir, C or Bb-instrument and piano. 3'Text: Karin Rehnqvist. English translation by Anna Högberg, Sally Beamish, Peter Thompson and Glenn MossopMusic: Karin and the children in Kvinten Choir from Nacka Music SchoolDuration 3 minMy Dreamsong was written for the Singing Children’s Project:New Music for…
